{"id":134,"date":"2015-02-05T13:14:28","date_gmt":"2015-02-05T12:14:28","guid":{"rendered":"http:\/\/new.rosyskidscorner.de\/?page_id=134"},"modified":"2015-02-05T13:14:57","modified_gmt":"2015-02-05T12:14:57","slug":"presse-diverse-berichte","status":"publish","type":"page","link":"https:\/\/www.rosyskidscorner.de\/?page_id=134","title":{"rendered":"Presse: Diverse Berichte"},"content":{"rendered":"<h6>Zucker f\u00fcr die Seele<\/h6>\n<p>Lebensqualit\u00e4t hei\u00dft das Stichwort. Medizinisch k\u00f6nnen Eishockeyspieler nichts tun, wohl aber eine Menge f\u00fcr die Seele. Wenn ein Trupp aus dem Adlerhorst anr\u00fcckt, herrscht helle Aufregung in der Abteilung. Frohe Energie wird umgesetzt, die kleinen Patienten sind begeistert, stehen schon bereit, wenn der Besuch eintrifft. Der bringt meist neue Trikots mit, Schals, Kappen, alle m\u00f6glichen Souvenirs eben, die einen richtigen Anh\u00e4nger ausmachen. Und Fans sind sie inzwischen alle in der Station. Mike Rosati ist Freund und Vorbild, wenn er im Tor steht, gibts kein Halten mehr auf den Pl\u00e4tzen, die f\u00fcr seine \u201ekids\u201c im VIP-Club oder auf der Trib\u00fcne reserviert sind. Wenn der Goalie dann nach Sieg oder Niederlage gleicherma\u00dfen freundlich zu den M\u00e4dchen und Jungen hochwinkt, wenn er sofort nach dem Duschen an ihrem Tisch Platz nimmt unter dem Schild \u201eRosys Kids Corner\u201c, dann ist die Welt in Ordnung. Zumindest f\u00fcr die Spieldauer und die Stunden danach.<\/p>\n<h6>Rosatis Dankbarkeit<\/h6>\n<p>Mike Rosati wei\u00df das. Beim ersten Besuch in der Klinik f\u00fchlte er sich vollst\u00e4ndig hilflos, h\u00e4tte am liebsten heilend eingegriffen und wu\u00dfte doch, dass er keine Macht \u00fcber den Krebs hatte. Wohl aber hatte er die M\u00f6glichkeit, Freude mitzubringen. Seither ist er regelm\u00e4\u00dfig in Kontakt mit den jungen Leuten, er will wissen, wie es ihnen geht, er ist bedr\u00fcckt, wenn jemand einen R\u00fcckfall hat, er freut sich, wenn ein Kind die Krankheit \u00fcberstanden hat.<br \/>\nMike, Vater von zwei gesunden T\u00f6chtern, ist nachdenklicher geworden durch die Erfahrungen. Vieles, was er fr\u00fcher selbstverst\u00e4ndlich nahm, ist auf einmal etwas besonderes. Dass Alyssa und Jessica, seine beiden s\u00fc\u00dfen Kinder, keine Schmerzen kennen, dass sie wachsen und gedeihen, das erf\u00fcllt ihn mit gro\u00dfer Dankbarkeit. Und Sieg oder Niederlage beim Eishockey sind zwar f\u00fcr ihn eminent wichtig, doch in dem Moment, in dem er in die Augen seiner Kids blickt, verschwindet sogar der Sport f\u00fcr einige Zeit in der Versenkung. \u201eDie eigenen Probleme werden so winzig,\u201c sagt Rosati, \u201ewenn man sieht, mit welcher Energie und Freude selbst schwerkranke Kinder dem Leben entgegensehen.\u201c<\/p>\n<h6>Viele Spender<\/h6>\n<p>Rosati und sein Verein, die Fans (darunter Rosis Patenclub Eagles Revanche), Jochen Hecht, Firmen und Rechtsanw\u00e4lte und viele viele mehr, sammeln f\u00fcr Rosys Kids Corner, setzen sich ein mit kleinen und gro\u00dfen Spenden und helfen damit jungen Menschen, die zumindest f\u00fcr eine Zeit auf der Schattenseite des Lebens stehen. Wer allerdings denkt, ein Termin zu diesem Thema w\u00e4re nur ernst, der irrt gewaltig. Im Cross-Check wird viel gelacht an diesem Nachmittag. Ron Pasco st\u00f6\u00dft auch noch zur Gruppe und verspricht ebenfalls mal zu Besuch zu kommen in die Grenadierstra\u00dfe. Pia Marie unterh\u00e4lt sowieso alle mit ihrem Charme und ihrer Intelligenz, Marco h\u00f6rt eher zu, beweist aber viel Schlagfertigkeit und Humor, wenn er zum Zuge kommt. Pia hat ein Fotoalbum mitgebracht. Es zeigt haupts\u00e4chlich sie und Rosati. \u201eWir haben in der Klinik auch eine ganze Wand voller Bilder,\u201c erz\u00e4hlt das M\u00e4dchen stolz. Mama Evangeline, eine bemerkenswert mutige und herzliche Frau, z\u00fcckt auch diesmal die Kamera und lichtet alle ab. Die Erinnerungen im Album erfreuen ihre Tochter und alle, die solche Fotos zu sehen bekommen. Und immer wieder Kommentare von Mike Rosati f\u00fcr seinen liebsten kleinen Fan. \u201ePia-Marie ist etwas ganz besonderes,\u201c sagt er und strahlt,\u201csie wird mal Bundeskanzlerin in Deutschland\u201c. Pia-Marie lacht und winkt ab, \u201eerstmal m\u00f6chte ich gerne Deine Handynummer, dann kann ich Dir Comics schicken,\u201c setzt sie Nah-Ziele. \u201eDa kann man nicht nein sagen,\u201c l\u00e4chelt Rosi und schreibt artig die Zahlen auf. Mail-Kontakt hat er sowieso schon mit der jungen Dame. Auch Ehefrau Patty mag das charmante M\u00e4dchen und chattet regelm\u00e4\u00dfig mit Pia. Hier ist eine Beziehung entstanden, die mit Sicherheit Jahre \u00fcberdauern wird.<\/p>\n","protected":false},"excerpt":{"rendered":"<p>Zucker f\u00fcr die Seele Lebensqualit\u00e4t hei\u00dft das Stichwort. Medizinisch k\u00f6nnen Eishockeyspieler nichts tun, wohl aber eine Menge f\u00fcr die Seele. Wenn ein Trupp aus dem Adlerhorst anr\u00fcckt, herrscht helle Aufregung in der Abteilung. Frohe Energie wird umgesetzt, die kleinen Patienten sind begeistert, stehen schon bereit, wenn der Besuch eintrifft. Der bringt meist neue Trikots mit, &hellip; <a href=\"https:\/\/www.rosyskidscorner.de\/?page_id=134\" class=\"more-link\">Continue reading <span class=\"screen-reader-text\">Presse: Diverse Berichte<\/span> <span class=\"meta-nav\">&rarr;<\/span><\/a><\/p>\n","protected":false},"author":1,"featured_media":0,"parent":0,"menu_order":0,"comment_status":"closed","ping_status":"closed","template":"","meta":{"footnotes":""},"class_list":["post-134","page","type-page","status-publish","hentry"],"_links":{"self":[{"href":"https:\/\/www.rosyskidscorner.de\/index.php?rest_route=\/wp\/v2\/pages\/134","targetHints":{"allow":["GET"]}}],"collection":[{"href":"https:\/\/www.rosyskidscorner.de\/index.php?rest_route=\/wp\/v2\/pages"}],"about":[{"href":"https:\/\/www.rosyskidscorner.de\/index.php?rest_route=\/wp\/v2\/types\/page"}],"author":[{"embeddable":true,"href":"https:\/\/www.rosyskidscorner.de\/index.php?rest_route=\/wp\/v2\/users\/1"}],"replies":[{"embeddable":true,"href":"https:\/\/www.rosyskidscorner.de\/index.php?rest_route=%2Fwp%2Fv2%2Fcomments&post=134"}],"version-history":[{"count":2,"href":"https:\/\/www.rosyskidscorner.de\/index.php?rest_route=\/wp\/v2\/pages\/134\/revisions"}],"predecessor-version":[{"id":136,"href":"https:\/\/www.rosyskidscorner.de\/index.php?rest_route=\/wp\/v2\/pages\/134\/revisions\/136"}],"wp:attachment":[{"href":"https:\/\/www.rosyskidscorner.de\/index.php?rest_route=%2Fwp%2Fv2%2Fmedia&parent=134"}],"curies":[{"name":"wp","href":"https:\/\/api.w.org\/{rel}","templated":true}]}}