{"id":162,"date":"2015-02-05T13:31:33","date_gmt":"2015-02-05T12:31:33","guid":{"rendered":"http:\/\/new.rosyskidscorner.de\/?page_id=162"},"modified":"2015-02-05T19:43:28","modified_gmt":"2015-02-05T18:43:28","slug":"presse-24-10-2012-spendenubergabe-bei-der-sudwestbank-ag","status":"publish","type":"page","link":"https:\/\/www.rosyskidscorner.de\/?page_id=162","title":{"rendered":"Presse: Spenden\u00fcbergabe bei der S\u00fcdwestbank AG"},"content":{"rendered":"<p><a href=\"https:\/\/www.rosyskidscorner.de\/wp-content\/uploads\/2015\/02\/presse_spendenuebergabe_suedwestbank_2012-10-24.jpg\"><img loading=\"lazy\" decoding=\"async\" class=\"alignnone size-medium wp-image-163\" src=\"https:\/\/www.rosyskidscorner.de\/wp-content\/uploads\/2015\/02\/presse_spendenuebergabe_suedwestbank_2012-10-24-300x225.jpg\" alt=\"presse_spendenuebergabe_suedwestbank_2012-10-24\" width=\"300\" height=\"225\" srcset=\"https:\/\/www.rosyskidscorner.de\/wp-content\/uploads\/2015\/02\/presse_spendenuebergabe_suedwestbank_2012-10-24-300x225.jpg 300w, https:\/\/www.rosyskidscorner.de\/wp-content\/uploads\/2015\/02\/presse_spendenuebergabe_suedwestbank_2012-10-24.jpg 800w\" sizes=\"auto, (max-width: 300px) 100vw, 300px\" \/><\/a><\/p>\n<p>Spenden\u00fcbergabe eines Fahrrades an Marc Siebig (vorne) in der S\u00fcdwestbank AG am 24.10.2012.<\/p>\n<p>Hinten v.l.n.r.: Herr Gerhard Schnell (Filialleiter S\u00fcdwestbank), Frau Karen Kutschbach (Betreuerin Rosys Kids Corner), Frau Michaela Siebig (Mutter von Marc), Stephan Rupprecht (Mitarbeiter S\u00fcdwestbank)<\/p>\n","protected":false},"excerpt":{"rendered":"<p>Spenden\u00fcbergabe eines Fahrrades an Marc Siebig (vorne) in der S\u00fcdwestbank AG am 24.10.2012. Hinten v.l.n.r.: Herr Gerhard Schnell (Filialleiter S\u00fcdwestbank), Frau Karen Kutschbach (Betreuerin Rosys Kids Corner), Frau Michaela Siebig (Mutter von Marc), Stephan Rupprecht (Mitarbeiter S\u00fcdwestbank)<\/p>\n","protected":false},"author":1,"featured_media":0,"parent":0,"menu_order":0,"comment_status":"closed","ping_status":"closed","template":"","meta":{"footnotes":""},"class_list":["post-162","page","type-page","status-publish","hentry"],"_links":{"self":[{"href":"https:\/\/www.rosyskidscorner.de\/index.php?rest_route=\/wp\/v2\/pages\/162","targetHints":{"allow":["GET"]}}],"collection":[{"href":"https:\/\/www.rosyskidscorner.de\/index.php?rest_route=\/wp\/v2\/pages"}],"about":[{"href":"https:\/\/www.rosyskidscorner.de\/index.php?rest_route=\/wp\/v2\/types\/page"}],"author":[{"embeddable":true,"href":"https:\/\/www.rosyskidscorner.de\/index.php?rest_route=\/wp\/v2\/users\/1"}],"replies":[{"embeddable":true,"href":"https:\/\/www.rosyskidscorner.de\/index.php?rest_route=%2Fwp%2Fv2%2Fcomments&post=162"}],"version-history":[{"count":3,"href":"https:\/\/www.rosyskidscorner.de\/index.php?rest_route=\/wp\/v2\/pages\/162\/revisions"}],"predecessor-version":[{"id":1928,"href":"https:\/\/www.rosyskidscorner.de\/index.php?rest_route=\/wp\/v2\/pages\/162\/revisions\/1928"}],"wp:attachment":[{"href":"https:\/\/www.rosyskidscorner.de\/index.php?rest_route=%2Fwp%2Fv2%2Fmedia&parent=162"}],"curies":[{"name":"wp","href":"https:\/\/api.w.org\/{rel}","templated":true}]}}