{"id":19,"date":"2015-02-05T09:33:19","date_gmt":"2015-02-05T08:33:19","guid":{"rendered":"http:\/\/new.rosyskidscorner.de\/?page_id=19"},"modified":"2020-10-03T17:43:38","modified_gmt":"2020-10-03T15:43:38","slug":"was-ist-rkc","status":"publish","type":"page","link":"https:\/\/www.rosyskidscorner.de\/?page_id=19","title":{"rendered":"Was ist RKC?"},"content":{"rendered":"<hr \/>\n<h6><a href=\"https:\/\/www.rosyskidscorner.de\/wp-content\/uploads\/2015\/02\/schnelluebersicht_dlfh.pdf\" target=\"_blank\" rel=\"noopener noreferrer\">Schnell\u00fcbersicht &#8220;Wir \u00fcber uns&#8221; als PDF &#8211; hier klicken!<\/a><\/h6>\n<h6><a href=\"https:\/\/www.rosyskidscorner.de\/wp-content\/uploads\/2020\/04\/flyer_rkc_2020.pdf\" target=\"_blank\" rel=\"noopener noreferrer\"><strong>Flyer \u00fcber &#8220;Rosys Kids Corner&#8221; als PDF &#8211; bitte hier klicken!<\/strong><\/a><\/h6>\n<hr \/>\n<h6>Den Krebs auf die Strafbank schicken<\/h6>\n<p><a href=\"https:\/\/www.rosyskidscorner.de\/wp-content\/uploads\/2020\/10\/was-ist-rkc-flyerbild.jpg\"><img loading=\"lazy\" decoding=\"async\" class=\"alignnone wp-image-7424 \" src=\"https:\/\/www.rosyskidscorner.de\/wp-content\/uploads\/2020\/10\/was-ist-rkc-flyerbild-1024x768.jpg\" alt=\"\" width=\"507\" height=\"380\" srcset=\"https:\/\/www.rosyskidscorner.de\/wp-content\/uploads\/2020\/10\/was-ist-rkc-flyerbild-1024x768.jpg 1024w, https:\/\/www.rosyskidscorner.de\/wp-content\/uploads\/2020\/10\/was-ist-rkc-flyerbild-300x225.jpg 300w, https:\/\/www.rosyskidscorner.de\/wp-content\/uploads\/2020\/10\/was-ist-rkc-flyerbild-768x576.jpg 768w, https:\/\/www.rosyskidscorner.de\/wp-content\/uploads\/2020\/10\/was-ist-rkc-flyerbild-1536x1152.jpg 1536w, https:\/\/www.rosyskidscorner.de\/wp-content\/uploads\/2020\/10\/was-ist-rkc-flyerbild.jpg 1600w\" sizes=\"auto, (max-width: 507px) 100vw, 507px\" \/><\/a><\/p>\n<div>\n<p>Rosys Kids Corner ist eine Aktion der <a href=\"https:\/\/www.krebskranke-kinder.de\" target=\"_blank\" rel=\"noopener noreferrer\">Deutschen Leuk\u00e4mie-Forschungs-Hilfe (DLFH) \u2013Aktion f\u00fcr krebskranke Kinder\u2013 Ortsverband Mannheim e.V.<\/a> in Zusammenarbeit mit dem Eishockeyclub <a href=\"https:\/\/www.adler-mannheim.de\" target=\"_blank\" rel=\"noopener noreferrer\">ADLER Mannheim<\/a>.<\/p>\n<p>Rosys Kids Corner erm\u00f6glicht es krebskranken Kindern und Jugendlichen, die in der onkologischen Kinderstation des <a href=\"https:\/\/www.umm.de\" target=\"_blank\" rel=\"noopener noreferrer\">Mannheimer Universit\u00e4tsklinikums<\/a> behandelt werden, die Heimspiele der ADLER live in der <a href=\"https:\/\/saparena.de\" target=\"_blank\" rel=\"noopener noreferrer\">SAP-Arena<\/a> zu erleben. Dabei k\u00f6nnen Kinder aller Altersstufen teilnehmen. Das Angebot wird mit gro\u00dfer Begeisterung angenommen und die Kinder lassen es sich durch nichts nehmen, die Adlerspiele live zu erleben und der Mannschaft die Daumen zu dr\u00fccken. Auch Mundschutz, liegende Infusionsnadeln oder ein Rollstuhl stellen keine Hindernisse dar. Das besondere Highlight eines jeden Spieles ist der Besuch von zwei ADLER-Spielern direkt nach dem Schlusspfiff. Dabei k\u00f6nnen die Kinder die Spieler hautnah erleben, mit ihnen reden, pers\u00f6nliche Erinnerungsfotos machen und Autogramme sammeln.<\/p>\n<p>Zus\u00e4tzlich erhalten alle Kinder nach dem Spiel von Rosys Kids Corner Fan-Artikel der ADLER als Geschenke, die sofort von den Spielern signiert werden.<\/p>\n<\/div>\n<h6>Wie ist Rosys Kids Corner entstanden?<\/h6>\n<div>\n<div><a href=\"https:\/\/www.rosyskidscorner.de\/wp-content\/uploads\/2015\/02\/rosati_portraet.jpg\"><img loading=\"lazy\" decoding=\"async\" class=\"alignnone size-full wp-image-78\" src=\"https:\/\/www.rosyskidscorner.de\/wp-content\/uploads\/2015\/02\/rosati_portraet.jpg\" alt=\"rosati_portraet\" width=\"200\" height=\"259\" \/><\/a> <a href=\"https:\/\/www.rosyskidscorner.de\/wp-content\/uploads\/2015\/02\/rosati_keeper.jpg\"><img loading=\"lazy\" decoding=\"async\" class=\"alignnone size-medium wp-image-79\" src=\"https:\/\/www.rosyskidscorner.de\/wp-content\/uploads\/2015\/02\/rosati_keeper.jpg\" alt=\"rosati_keeper\" width=\"250\" height=\"259\" \/><\/a><\/div>\n<div>\n<p><em><span style=\"font-size: small;\">Mike Rosati<\/span><\/em><\/p>\n<p>Mike Rosati, ehemaliger Torh\u00fcter der ADLER, h\u00f6rte von einem sozialen Projekt seines Torh\u00fcterkollegen Curtis Joseph von den Toronto Maple Leafs (NHL-Team). Er war so begeistert, dass er ein vergleichbares Projekt ebenfalls in Mannheim realisieren wollte. Kinder und Jugendliche, die an Krebs erkrankt sind, sollen dadurch in einer schwierigen Phase ihres Lebens unterst\u00fctzt werden. Nach seinem Sommerurlaub im Jahr 2000 f\u00fchrte er erste Gespr\u00e4che mit dem Verein Deutsche Leuk\u00e4mie-Forschungs-Hilfe (DLFH) \u2013Aktion f\u00fcr krebskranke Kinder\u2013 Ortsverband Mannheim e.V., der Kinderklinik Mannheim und den Verantwortlichen der ADLER.<\/p>\n<\/div>\n<div>\n<p>Ende August 2000 stellte Mike Rosati die ersten drei VIP-Dauerkarten f\u00fcr die Heimspiele der ADLER zur Verf\u00fcgung. Er \u00fcberreichte diese in der Kinderklinik Mannheim an Karen Kutschbach.<\/p>\n<p><a href=\"https:\/\/www.rosyskidscorner.de\/wp-content\/uploads\/2015\/02\/zeitungsfoto.jpg\"><img loading=\"lazy\" decoding=\"async\" class=\"alignnone wp-image-80 \" src=\"https:\/\/www.rosyskidscorner.de\/wp-content\/uploads\/2015\/02\/zeitungsfoto.jpg\" alt=\"\" width=\"456\" height=\"304\" srcset=\"https:\/\/www.rosyskidscorner.de\/wp-content\/uploads\/2015\/02\/zeitungsfoto.jpg 500w, https:\/\/www.rosyskidscorner.de\/wp-content\/uploads\/2015\/02\/zeitungsfoto-300x200.jpg 300w\" sizes=\"auto, (max-width: 456px) 100vw, 456px\" \/><\/a><br \/>\n<em><span style=\"font-size: small;\"><span style=\"text-decoration: underline;\">v.l.n.r.:<\/span> Prof. Karl-Heinz Niessen (Direktor der Kinderklinik des Mannheimer Universit\u00e4tsklinikums), Martin Stachniss, Mike Rosati, Gisela Stachniss-Schm\u00e4lzle, Karen Kutschbach (2. v.r.) sowie einige Patienten.<\/span><\/em><\/p>\n<\/div>\n<\/div>\n<div>\n<p>Karen Kutschbach, onkologische Fachkinderkrankenschwester, Vorstandsmitglied der Aktion f\u00fcr krebskranke Kinder und ADLER-Fan, ist seither Bindeglied zwischen dem Verein, den ADLERN und der Kinderklinik. Sie k\u00fcmmert sich um die Belange von Rosys Kids Corner und organisiert alles rund um die Eishockeyspiele der ADLER.<\/p>\n<p><a href=\"https:\/\/www.rosyskidscorner.de\/wp-content\/uploads\/2020\/10\/karen-kutschbach-rkc.jpg\"><img loading=\"lazy\" decoding=\"async\" class=\"alignnone wp-image-7425 \" src=\"https:\/\/www.rosyskidscorner.de\/wp-content\/uploads\/2020\/10\/karen-kutschbach-rkc-1024x683.jpg\" alt=\"\" width=\"452\" height=\"301\" srcset=\"https:\/\/www.rosyskidscorner.de\/wp-content\/uploads\/2020\/10\/karen-kutschbach-rkc-1024x683.jpg 1024w, https:\/\/www.rosyskidscorner.de\/wp-content\/uploads\/2020\/10\/karen-kutschbach-rkc-300x200.jpg 300w, https:\/\/www.rosyskidscorner.de\/wp-content\/uploads\/2020\/10\/karen-kutschbach-rkc-768x512.jpg 768w, https:\/\/www.rosyskidscorner.de\/wp-content\/uploads\/2020\/10\/karen-kutschbach-rkc-1536x1024.jpg 1536w, https:\/\/www.rosyskidscorner.de\/wp-content\/uploads\/2020\/10\/karen-kutschbach-rkc.jpg 1600w\" sizes=\"auto, (max-width: 452px) 100vw, 452px\" \/><\/a><br \/>\n<em><span style=\"font-size: small;\">Karen Kutschbach<\/span><\/em><\/p>\n<div>\n<p>Inzwischen stellt die Deutsche Leuk\u00e4mie-Forschungs-Hilfe (DLFH) \u2013Aktion f\u00fcr krebskranke Kinder\u2013 Ortsverband Mannheim e.V. pro Saison acht VIP-Dauerkarten f\u00fcr erkrankte Kinder und Jugendliche, die Geschwister und je eine Begleitperson zur Verf\u00fcgung. Zus\u00e4tzlich konnten auch immer wieder Ausw\u00e4rtsfahrten in andere Eishockeystadien organisiert werden, die f\u00fcr die Teilnehmer ein gro\u00dfes Erlebnis waren.<\/p>\n<p>In den letzten Jahren hat sich Rosys Kids Corner weiter entwickelt und den erkrankten Kindern wird auch \u00fcber das Eishockey hinaus die M\u00f6glichkeit geboten, an verschiedenen Veranstaltungen teilzunehmen. Hierzu geh\u00f6ren z.B. Besuche in der SAP-Arena bei Konzerten oder Show-Events, Drachenbootfahrten auf dem Neckar, gemeinsame Grillfeste, Besuche auf dem Hockenheimring und Kletterevents im Hochseilgarten.<\/p>\n<p>Seit einigen Jahren stellt das <a href=\"https:\/\/renck-weindel.de\/\" target=\"_blank\" rel=\"noopener noreferrer\">Autohaus Renck-Weindel<\/a> f\u00fcr Rosys Kids Corner einen Kleinbus zur Verf\u00fcgung. Dieser ist bei vielen Gelegenheiten sehr hilfreich und erleichtert f\u00fcr viele Familien die Teilnahme an den Veranstaltungen.<\/p>\n<h6>Was macht die DLFH?<\/h6>\n<div>\n<p>Den wichtigsten Wunsch nach Gesundheit k\u00f6nnen wir nicht erf\u00fcllen. Doch auch ein Besuch bei der Feuerwehr, eine Fahrt in einem Porsche oder Hei\u00dfluftballon oder ein Eishockeyspiel sind f\u00fcr krebskranke Kinder eine gro\u00dfe Hilfe und bringen Spa\u00df in den Alltag.<\/p>\n<p>Neben der direkten Forschungsf\u00f6rderung setzen wir unsere Spenden jedes Jahr f\u00fcr unsere <a href=\"https:\/\/www.krebskranke-kinder.de\/?page_id=46\" target=\"_blank\" rel=\"noopener noreferrer\">Projekte<\/a> ein \u2013 u.a.: <a href=\"https:\/\/www.rosyskidscorner.de\" target=\"_blank\" rel=\"noopener noreferrer\">Rosys Kids Corner<\/a>, <a href=\"https:\/\/www.krebskranke-kinder.de\/?page_id=41\" target=\"_blank\" rel=\"noopener noreferrer\">Wunschbox<\/a>, <a href=\"https:\/\/www.krebskranke-kinder.de\/?page_id=39\" target=\"_blank\" rel=\"noopener noreferrer\">Kunst- und Musiktherapie<\/a>, <a href=\"https:\/\/www.krebskranke-kinder.de\/?page_id=83\" target=\"_blank\" rel=\"noopener noreferrer\">Mutperlen<\/a>, <a href=\"https:\/\/www.krebskranke-kinder.de\/?page_id=57\" target=\"_blank\" rel=\"noopener noreferrer\">Klinikclown<\/a> oder <a href=\"https:\/\/www.krebskranke-kinder.de\/?page_id=37\" target=\"_blank\" rel=\"noopener noreferrer\">Elternhaus<\/a>.<\/p>\n<p>Informieren Sie sich \u00fcber aktuelle Projekte auf unserer Website: <a href=\"https:\/\/www.krebskranke-kinder.de\" target=\"_blank\" rel=\"noopener noreferrer\">www.krebskranke-kinder.de<\/a>. Gerne lassen wir Ihnen auch <a href=\"https:\/\/www.krebskranke-kinder.de\/wp-content\/uploads\/2020\/04\/flyer_projekte_2019.pdf\" target=\"_blank\" rel=\"noopener noreferrer\">Flyer zu den einzelnen Projekten<\/a> zukommen.<\/p>\n<p>Sie finden unsere Arbeit spannend und wertvoll? Dann w\u00fcrden wir uns freuen, wenn Sie uns mit einer <a href=\"https:\/\/www.krebskranke-kinder.de\/?page_id=35\" target=\"_blank\" rel=\"noopener noreferrer\">Spende<\/a> helfen, unsere Projekte weiter auszubauen!<\/p>\n<\/div>\n<div>\n<h6>Wie Sie uns unterst\u00fctzen k\u00f6nnen<\/h6>\n<div>\n<p>Mit Ihrer <a href=\"https:\/\/www.krebskranke-kinder.de\/?page_id=35\" target=\"_blank\" rel=\"noopener noreferrer\">Spende<\/a> tragen Sie dazu bei, dass die Krankheitsursachen erforscht werden k\u00f6nnen und sich die Behandlung krebskranker Kinder verbessert.<\/p>\n<p>Ihre Spende ist steuerlich absetzbar. Wir senden Ihnen gerne eine Zuwendungsbest\u00e4tigung zu.<\/p>\n<p>Deutsche Leuk\u00e4mie-Forschungs-Hilfe<br \/>\nAKTION F\u00dcR KREBSKRANKE KINDER<br \/>\nOrtsverband Mannheim e.V.<br \/>\nGemeinn\u00fctziger Verein<\/p>\n<p>Jakob-Trumpfheller-Str. 14<br \/>\n68167 Mannheim<br \/>\nTelefon 0621 338 21 33<br \/>\n<a href=\"mailto:info@krebskranke-kinder.de\">info@krebskranke-kinder.de<\/a><\/p>\n<p><strong>Spendenkonten:<\/strong><br \/>\n<strong>Sparkasse Rhein Neckar Nord<\/strong><br \/>\n<strong>IBAN: DE93 6705 0505 0038 0038 01<\/strong><\/p>\n<p><strong>VR Bank Rhein-Neckar eG<\/strong><br \/>\n<strong>IBAN: DE44 6709 0000 0085 4567 84<\/strong><\/p>\n<p>&nbsp;<\/p>\n<\/div>\n<\/div>\n<\/div>\n<\/div>\n","protected":false},"excerpt":{"rendered":"<p>Schnell\u00fcbersicht &#8220;Wir \u00fcber uns&#8221; als PDF &#8211; hier klicken! Flyer \u00fcber &#8220;Rosys Kids Corner&#8221; als PDF &#8211; bitte hier klicken! Den Krebs auf die Strafbank schicken Rosys Kids Corner ist eine Aktion der Deutschen Leuk\u00e4mie-Forschungs-Hilfe (DLFH) \u2013Aktion f\u00fcr krebskranke Kinder\u2013 Ortsverband Mannheim e.V. in Zusammenarbeit mit dem Eishockeyclub ADLER Mannheim. Rosys Kids Corner erm\u00f6glicht es &hellip; <a href=\"https:\/\/www.rosyskidscorner.de\/?page_id=19\" class=\"more-link\">Continue reading <span class=\"screen-reader-text\">Was ist RKC?<\/span> <span class=\"meta-nav\">&rarr;<\/span><\/a><\/p>\n","protected":false},"author":1,"featured_media":0,"parent":0,"menu_order":0,"comment_status":"closed","ping_status":"closed","template":"","meta":{"footnotes":""},"class_list":["post-19","page","type-page","status-publish","hentry"],"_links":{"self":[{"href":"https:\/\/www.rosyskidscorner.de\/index.php?rest_route=\/wp\/v2\/pages\/19","targetHints":{"allow":["GET"]}}],"collection":[{"href":"https:\/\/www.rosyskidscorner.de\/index.php?rest_route=\/wp\/v2\/pages"}],"about":[{"href":"https:\/\/www.rosyskidscorner.de\/index.php?rest_route=\/wp\/v2\/types\/page"}],"author":[{"embeddable":true,"href":"https:\/\/www.rosyskidscorner.de\/index.php?rest_route=\/wp\/v2\/users\/1"}],"replies":[{"embeddable":true,"href":"https:\/\/www.rosyskidscorner.de\/index.php?rest_route=%2Fwp%2Fv2%2Fcomments&post=19"}],"version-history":[{"count":18,"href":"https:\/\/www.rosyskidscorner.de\/index.php?rest_route=\/wp\/v2\/pages\/19\/revisions"}],"predecessor-version":[{"id":7433,"href":"https:\/\/www.rosyskidscorner.de\/index.php?rest_route=\/wp\/v2\/pages\/19\/revisions\/7433"}],"wp:attachment":[{"href":"https:\/\/www.rosyskidscorner.de\/index.php?rest_route=%2Fwp%2Fv2%2Fmedia&parent=19"}],"curies":[{"name":"wp","href":"https:\/\/api.w.org\/{rel}","templated":true}]}}