{"id":216,"date":"2015-02-05T13:57:35","date_gmt":"2015-02-05T12:57:35","guid":{"rendered":"http:\/\/new.rosyskidscorner.de\/?page_id=216"},"modified":"2015-02-05T19:49:30","modified_gmt":"2015-02-05T18:49:30","slug":"bisherige-events-ein-ganz-normaler-tag","status":"publish","type":"page","link":"https:\/\/www.rosyskidscorner.de\/?page_id=216","title":{"rendered":"Bisherige Events: Ein ganz normaler Tag.."},"content":{"rendered":"<p>Ein ganz <em>normaler (jedenfalls schien es so bis&#8230;)<\/em> Tag. Ich gehe zur Schule, dann mache ich die Hausaufgaben.<\/p>\n<p>Pl\u00f6tzlich am Nachmittag klingelt das Telefon. Ich frage mich, wer jetzt schon wieder anruft und w\u00e4hrend meinen Hausaufgaben! Daraufhin gehe ich ans Telefon, nehme den H\u00f6rer ab und melde mich mit meinem Nachnamen, &#8220;wie immer&#8221;! Aber es ist doch etwas anders als &#8220;immer&#8221;?!<\/p>\n<p>Ich kann eine Frauenstimme h\u00f6ren. Sie kommt mir ziemlich bekannt vor.<\/p>\n<p>Ach ich erinnere mich. Ist es nicht eine Krankenschwester aus Mannheim, die immer dieses piepsende Ger\u00e4t abstellte und mit des \u00d6fteren ein paar bunte Tabletten brachte.<\/p>\n<p>Aber&#8230; Ja&#8230; Schwester Karen.<\/p>\n<p><a href=\"https:\/\/www.rosyskidscorner.de\/wp-content\/uploads\/2015\/02\/events_eventbericht_eishockey.jpg\"><img loading=\"lazy\" decoding=\"async\" class=\"alignnone size-medium wp-image-217\" src=\"https:\/\/www.rosyskidscorner.de\/wp-content\/uploads\/2015\/02\/events_eventbericht_eishockey-300x219.jpg\" alt=\"events_eventbericht_eishockey\" width=\"300\" height=\"219\" srcset=\"https:\/\/www.rosyskidscorner.de\/wp-content\/uploads\/2015\/02\/events_eventbericht_eishockey-300x219.jpg 300w, https:\/\/www.rosyskidscorner.de\/wp-content\/uploads\/2015\/02\/events_eventbericht_eishockey.jpg 495w\" sizes=\"auto, (max-width: 300px) 100vw, 300px\" \/><\/a><\/p>\n<p>In der Klinik h\u00e4ngen Bilder, wo sie zu sehen ist, mit einem Mann und vielen Kindern. Es gibt ja auch eine Internetseite, zu diesem Thema. Sie hat doch so eine Initiative mit Mike Rosati gebildet.<\/p>\n<p>Dann sagt sie, dass sie noch zwei Pl\u00e4tze bei einem Eishockey-Spiel frei h\u00e4tte. Daraufhin sage ich sofort <strong>&#8220;Ja, auf jeden Fall!&#8221;<\/strong>. Zuletzt frage ich noch, wann es denn sein w\u00fcrde und wo. Am Schluss von dem Gespr\u00e4ch verabschiede ich mich und bedanke mich, dass sie mich angerufen hat.<\/p>\n<p>Nach dem Gespr\u00e4ch laufe ich im ganzen Haus herum und sage jedem, dass ich zum Eishockey darf.<\/p>\n","protected":false},"excerpt":{"rendered":"<p>Ein ganz normaler (jedenfalls schien es so bis&#8230;) Tag. Ich gehe zur Schule, dann mache ich die Hausaufgaben. Pl\u00f6tzlich am Nachmittag klingelt das Telefon. Ich frage mich, wer jetzt schon wieder anruft und w\u00e4hrend meinen Hausaufgaben! Daraufhin gehe ich ans Telefon, nehme den H\u00f6rer ab und melde mich mit meinem Nachnamen, &#8220;wie immer&#8221;! Aber es &hellip; <a href=\"https:\/\/www.rosyskidscorner.de\/?page_id=216\" class=\"more-link\">Continue reading <span class=\"screen-reader-text\">Bisherige Events: Ein ganz normaler Tag..<\/span> <span class=\"meta-nav\">&rarr;<\/span><\/a><\/p>\n","protected":false},"author":1,"featured_media":0,"parent":0,"menu_order":0,"comment_status":"closed","ping_status":"closed","template":"","meta":{"footnotes":""},"class_list":["post-216","page","type-page","status-publish","hentry"],"_links":{"self":[{"href":"https:\/\/www.rosyskidscorner.de\/index.php?rest_route=\/wp\/v2\/pages\/216","targetHints":{"allow":["GET"]}}],"collection":[{"href":"https:\/\/www.rosyskidscorner.de\/index.php?rest_route=\/wp\/v2\/pages"}],"about":[{"href":"https:\/\/www.rosyskidscorner.de\/index.php?rest_route=\/wp\/v2\/types\/page"}],"author":[{"embeddable":true,"href":"https:\/\/www.rosyskidscorner.de\/index.php?rest_route=\/wp\/v2\/users\/1"}],"replies":[{"embeddable":true,"href":"https:\/\/www.rosyskidscorner.de\/index.php?rest_route=%2Fwp%2Fv2%2Fcomments&post=216"}],"version-history":[{"count":2,"href":"https:\/\/www.rosyskidscorner.de\/index.php?rest_route=\/wp\/v2\/pages\/216\/revisions"}],"predecessor-version":[{"id":1939,"href":"https:\/\/www.rosyskidscorner.de\/index.php?rest_route=\/wp\/v2\/pages\/216\/revisions\/1939"}],"wp:attachment":[{"href":"https:\/\/www.rosyskidscorner.de\/index.php?rest_route=%2Fwp%2Fv2%2Fmedia&parent=216"}],"curies":[{"name":"wp","href":"https:\/\/api.w.org\/{rel}","templated":true}]}}