{"id":38,"date":"2015-02-05T09:37:58","date_gmt":"2015-02-05T08:37:58","guid":{"rendered":"http:\/\/new.rosyskidscorner.de\/?page_id=38"},"modified":"2017-12-16T15:13:31","modified_gmt":"2017-12-16T14:13:31","slug":"impressum","status":"publish","type":"page","link":"https:\/\/www.rosyskidscorner.de\/?page_id=38","title":{"rendered":"Impressum"},"content":{"rendered":"<p>Deutsche Leuk\u00e4mie-Forschungs-Hilfe (DLFH)<br \/>\n-Aktion f\u00fcr krebskranke Kinder-<br \/>\nOrtsverband Mannheim e.V.<br \/>\nGemeinn\u00fctziger Verein<br \/>\nJakob-Trumpfheller-Str. 14<br \/>\n68167 Mannheim<br \/>\nTelefon: 0621-3382133\u00a0<em>(aus dem Ausland w\u00e4hlen Sie bitte +496213382133)<\/em><br \/>\nTelefax: 0621-3382134\u00a0<em>(aus dem Ausland w\u00e4hlen Sie bitte +496213382134)<\/em><br \/>\nE-Mail: <a href=\"mailto:info@rosyskidscorner.de\">info@rosyskidscorner.de<\/a><br \/>\nInternet: <a href=\"https:\/\/www.rosyskidscorner.de\" target=\"_blank\" rel=\"noopener\">https:\/\/www.rosyskidscorner.de<\/a><\/p>\n<p>Vertretungsberechtigter Vorstand: 1. Vorsitzender: Dr. Gregor von Komorowski, stellvertretende Vorsitzende: Karen Kutschbach<br \/>\nRegistergericht: Amtsgericht Mannheim<br \/>\nRegisternummer: VR 1149<\/p>\n<p>Inhaltlicher Verantwortlicher: Dr. Gregor von Komorowski, 1. Vorsitzender<\/p>\n<p>Haftungshinweis: Trotz sorgf\u00e4ltiger inhaltlicher Kontrolle \u00fcbernehmen wir keine Haftung f\u00fcr die Inhalte externer Links. F\u00fcr den Inhalt der verlinkten Seiten sind ausschlie\u00dflich deren Betreiber verantwortlich.<\/p>\n","protected":false},"excerpt":{"rendered":"<p>Deutsche Leuk\u00e4mie-Forschungs-Hilfe (DLFH) -Aktion f\u00fcr krebskranke Kinder- Ortsverband Mannheim e.V. Gemeinn\u00fctziger Verein Jakob-Trumpfheller-Str. 14 68167 Mannheim Telefon: 0621-3382133\u00a0(aus dem Ausland w\u00e4hlen Sie bitte +496213382133) Telefax: 0621-3382134\u00a0(aus dem Ausland w\u00e4hlen Sie bitte +496213382134) E-Mail: info@rosyskidscorner.de Internet: https:\/\/www.rosyskidscorner.de Vertretungsberechtigter Vorstand: 1. Vorsitzender: Dr. Gregor von Komorowski, stellvertretende Vorsitzende: Karen Kutschbach Registergericht: Amtsgericht Mannheim Registernummer: VR 1149 Inhaltlicher &hellip; <a href=\"https:\/\/www.rosyskidscorner.de\/?page_id=38\" class=\"more-link\">Continue reading <span class=\"screen-reader-text\">Impressum<\/span> <span class=\"meta-nav\">&rarr;<\/span><\/a><\/p>\n","protected":false},"author":1,"featured_media":0,"parent":0,"menu_order":0,"comment_status":"closed","ping_status":"closed","template":"","meta":{"footnotes":""},"class_list":["post-38","page","type-page","status-publish","hentry"],"_links":{"self":[{"href":"https:\/\/www.rosyskidscorner.de\/index.php?rest_route=\/wp\/v2\/pages\/38","targetHints":{"allow":["GET"]}}],"collection":[{"href":"https:\/\/www.rosyskidscorner.de\/index.php?rest_route=\/wp\/v2\/pages"}],"about":[{"href":"https:\/\/www.rosyskidscorner.de\/index.php?rest_route=\/wp\/v2\/types\/page"}],"author":[{"embeddable":true,"href":"https:\/\/www.rosyskidscorner.de\/index.php?rest_route=\/wp\/v2\/users\/1"}],"replies":[{"embeddable":true,"href":"https:\/\/www.rosyskidscorner.de\/index.php?rest_route=%2Fwp%2Fv2%2Fcomments&post=38"}],"version-history":[{"count":6,"href":"https:\/\/www.rosyskidscorner.de\/index.php?rest_route=\/wp\/v2\/pages\/38\/revisions"}],"predecessor-version":[{"id":4660,"href":"https:\/\/www.rosyskidscorner.de\/index.php?rest_route=\/wp\/v2\/pages\/38\/revisions\/4660"}],"wp:attachment":[{"href":"https:\/\/www.rosyskidscorner.de\/index.php?rest_route=%2Fwp%2Fv2%2Fmedia&parent=38"}],"curies":[{"name":"wp","href":"https:\/\/api.w.org\/{rel}","templated":true}]}}