{"id":4668,"date":"2018-02-24T19:26:04","date_gmt":"2018-02-24T18:26:04","guid":{"rendered":"https:\/\/www.rosyskidscorner.de\/?page_id=4668"},"modified":"2018-02-25T00:32:39","modified_gmt":"2018-02-24T23:32:39","slug":"abschiedsspiel-von-ronny-ahrendt-und-jochen-hecht-am-23-02-18-in-der-sap-arena-mannheim","status":"publish","type":"page","link":"https:\/\/www.rosyskidscorner.de\/?page_id=4668","title":{"rendered":"Abschiedsspiel von Ronny Arendt und Jochen Hecht am 23.02.18 in der SAP Arena Mannheim"},"content":{"rendered":"<h6>Ein unvergessener Abend in der SAP Arena Mannheim!<\/h6>\n<p>Beide Spieler sind auf ihre Weise einzigartig. Ronny mit seinem unerm\u00fcdlichen Willen, seiner Leidenschaft zum Eishockey. Bewundernswert, dass er auch neben dem Eis immer ein Ohr auch f\u00fcr die sozialen Projekte hier in Mannheim \u00fcbrig hat.<\/p>\n<p><a href=\"https:\/\/www.rosyskidscorner.de\/wp-content\/uploads\/2018\/02\/aktuell_20180223_adler.jpg\"><img loading=\"lazy\" decoding=\"async\" class=\"alignnone size-medium wp-image-4669\" src=\"https:\/\/www.rosyskidscorner.de\/wp-content\/uploads\/2018\/02\/aktuell_20180223_adler-300x174.jpg\" alt=\"\" width=\"300\" height=\"174\" srcset=\"https:\/\/www.rosyskidscorner.de\/wp-content\/uploads\/2018\/02\/aktuell_20180223_adler-300x174.jpg 300w, https:\/\/www.rosyskidscorner.de\/wp-content\/uploads\/2018\/02\/aktuell_20180223_adler.jpg 581w\" sizes=\"auto, (max-width: 300px) 100vw, 300px\" \/><\/a><br \/>\n<em>Bild vom Videow\u00fcrfel in der SAP Arena Mannheim am 23.02.18<\/em><\/p>\n<p><strong>Ganz herzlichen Dank an Ronny, der uns &#8211; Rosys Kids Corner &#8211; all die letzten Jahre mit unterst\u00fctzt hat! Er war f\u00fcr uns immer die Verbindung zu allen Spielern&#8230;<\/strong><\/p>\n","protected":false},"excerpt":{"rendered":"<p>Ein unvergessener Abend in der SAP Arena Mannheim! Beide Spieler sind auf ihre Weise einzigartig. Ronny mit seinem unerm\u00fcdlichen Willen, seiner Leidenschaft zum Eishockey. Bewundernswert, dass er auch neben dem Eis immer ein Ohr auch f\u00fcr die sozialen Projekte hier in Mannheim \u00fcbrig hat. Bild vom Videow\u00fcrfel in der SAP Arena Mannheim am 23.02.18 Ganz &hellip; <a href=\"https:\/\/www.rosyskidscorner.de\/?page_id=4668\" class=\"more-link\">Continue reading <span class=\"screen-reader-text\">Abschiedsspiel von Ronny Arendt und Jochen Hecht am 23.02.18 in der SAP Arena Mannheim<\/span> <span class=\"meta-nav\">&rarr;<\/span><\/a><\/p>\n","protected":false},"author":1,"featured_media":0,"parent":0,"menu_order":0,"comment_status":"closed","ping_status":"closed","template":"","meta":{"footnotes":""},"class_list":["post-4668","page","type-page","status-publish","hentry"],"_links":{"self":[{"href":"https:\/\/www.rosyskidscorner.de\/index.php?rest_route=\/wp\/v2\/pages\/4668","targetHints":{"allow":["GET"]}}],"collection":[{"href":"https:\/\/www.rosyskidscorner.de\/index.php?rest_route=\/wp\/v2\/pages"}],"about":[{"href":"https:\/\/www.rosyskidscorner.de\/index.php?rest_route=\/wp\/v2\/types\/page"}],"author":[{"embeddable":true,"href":"https:\/\/www.rosyskidscorner.de\/index.php?rest_route=\/wp\/v2\/users\/1"}],"replies":[{"embeddable":true,"href":"https:\/\/www.rosyskidscorner.de\/index.php?rest_route=%2Fwp%2Fv2%2Fcomments&post=4668"}],"version-history":[{"count":2,"href":"https:\/\/www.rosyskidscorner.de\/index.php?rest_route=\/wp\/v2\/pages\/4668\/revisions"}],"predecessor-version":[{"id":4677,"href":"https:\/\/www.rosyskidscorner.de\/index.php?rest_route=\/wp\/v2\/pages\/4668\/revisions\/4677"}],"wp:attachment":[{"href":"https:\/\/www.rosyskidscorner.de\/index.php?rest_route=%2Fwp%2Fv2%2Fmedia&parent=4668"}],"curies":[{"name":"wp","href":"https:\/\/api.w.org\/{rel}","templated":true}]}}