{"id":5141,"date":"2018-03-08T14:31:40","date_gmt":"2018-03-08T13:31:40","guid":{"rendered":"https:\/\/www.rosyskidscorner.de\/?page_id=5141"},"modified":"2018-03-08T14:31:40","modified_gmt":"2018-03-08T13:31:40","slug":"08-03-2018-spende-von-lukas-lang-an-rosys-kids-corner","status":"publish","type":"page","link":"https:\/\/www.rosyskidscorner.de\/?page_id=5141","title":{"rendered":"08.03.2018: Spende von Lukas Lang an Rosys Kids Corner"},"content":{"rendered":"<h5>Eine sch\u00f6ne Spende f\u00fcr Rosys Kids Corner!<\/h5>\n<h6>Lukas Lang, ehemaliger Torh\u00fcter der Adler Mannheim, l\u00e4sst es sich auch in diesem Jahr nicht nehmen, wieder f\u00fcr Rosys Kids Corner zu spenden. Es ist seit Jahren eine Herzensangelegenheit f\u00fcr ihn!<\/h6>\n<p><a href=\"https:\/\/www.rosyskidscorner.de\/wp-content\/uploads\/2018\/03\/aktuell_20180308_spende-lukas-lang.jpg\"><img loading=\"lazy\" decoding=\"async\" class=\"alignnone size-medium wp-image-5142\" src=\"https:\/\/www.rosyskidscorner.de\/wp-content\/uploads\/2018\/03\/aktuell_20180308_spende-lukas-lang-300x200.jpg\" alt=\"\" width=\"300\" height=\"200\" srcset=\"https:\/\/www.rosyskidscorner.de\/wp-content\/uploads\/2018\/03\/aktuell_20180308_spende-lukas-lang-300x200.jpg 300w, https:\/\/www.rosyskidscorner.de\/wp-content\/uploads\/2018\/03\/aktuell_20180308_spende-lukas-lang-768x512.jpg 768w, https:\/\/www.rosyskidscorner.de\/wp-content\/uploads\/2018\/03\/aktuell_20180308_spende-lukas-lang-1024x683.jpg 1024w, https:\/\/www.rosyskidscorner.de\/wp-content\/uploads\/2018\/03\/aktuell_20180308_spende-lukas-lang.jpg 1150w\" sizes=\"auto, (max-width: 300px) 100vw, 300px\" \/><\/a><\/p>\n<h6>Diesmal hat Lukas die Torh\u00fcter-Maske seines Vaters Karel &#8220;der Hexer&#8221; Lang im Internet versteigert.<\/h6>\n<h5>F\u00fcr diesen stolzen Betrag, EUR 1.000.-, bedanken wir uns ganz herzlich bei Lukas! \ud83d\ude42<\/h5>\n","protected":false},"excerpt":{"rendered":"<p>Eine sch\u00f6ne Spende f\u00fcr Rosys Kids Corner! Lukas Lang, ehemaliger Torh\u00fcter der Adler Mannheim, l\u00e4sst es sich auch in diesem Jahr nicht nehmen, wieder f\u00fcr Rosys Kids Corner zu spenden. Es ist seit Jahren eine Herzensangelegenheit f\u00fcr ihn! Diesmal hat Lukas die Torh\u00fcter-Maske seines Vaters Karel &#8220;der Hexer&#8221; Lang im Internet versteigert. F\u00fcr diesen stolzen &hellip; <a href=\"https:\/\/www.rosyskidscorner.de\/?page_id=5141\" class=\"more-link\">Continue reading <span class=\"screen-reader-text\">08.03.2018: Spende von Lukas Lang an Rosys Kids Corner<\/span> <span class=\"meta-nav\">&rarr;<\/span><\/a><\/p>\n","protected":false},"author":1,"featured_media":0,"parent":0,"menu_order":0,"comment_status":"closed","ping_status":"closed","template":"","meta":{"footnotes":""},"class_list":["post-5141","page","type-page","status-publish","hentry"],"_links":{"self":[{"href":"https:\/\/www.rosyskidscorner.de\/index.php?rest_route=\/wp\/v2\/pages\/5141","targetHints":{"allow":["GET"]}}],"collection":[{"href":"https:\/\/www.rosyskidscorner.de\/index.php?rest_route=\/wp\/v2\/pages"}],"about":[{"href":"https:\/\/www.rosyskidscorner.de\/index.php?rest_route=\/wp\/v2\/types\/page"}],"author":[{"embeddable":true,"href":"https:\/\/www.rosyskidscorner.de\/index.php?rest_route=\/wp\/v2\/users\/1"}],"replies":[{"embeddable":true,"href":"https:\/\/www.rosyskidscorner.de\/index.php?rest_route=%2Fwp%2Fv2%2Fcomments&post=5141"}],"version-history":[{"count":2,"href":"https:\/\/www.rosyskidscorner.de\/index.php?rest_route=\/wp\/v2\/pages\/5141\/revisions"}],"predecessor-version":[{"id":5144,"href":"https:\/\/www.rosyskidscorner.de\/index.php?rest_route=\/wp\/v2\/pages\/5141\/revisions\/5144"}],"wp:attachment":[{"href":"https:\/\/www.rosyskidscorner.de\/index.php?rest_route=%2Fwp%2Fv2%2Fmedia&parent=5141"}],"curies":[{"name":"wp","href":"https:\/\/api.w.org\/{rel}","templated":true}]}}