{"id":5845,"date":"2018-12-13T19:14:04","date_gmt":"2018-12-13T18:14:04","guid":{"rendered":"https:\/\/www.rosyskidscorner.de\/?page_id=5845"},"modified":"2019-02-10T10:57:41","modified_gmt":"2019-02-10T09:57:41","slug":"fotogalerie-13-12-18-nikolausfeier-auf-station-31-4-der-umm","status":"publish","type":"page","link":"https:\/\/www.rosyskidscorner.de\/?page_id=5845","title":{"rendered":"Fotogalerie: 13.12.18 \u2013 Nikolausfeier auf Station 31.4 der UMM"},"content":{"rendered":"<h6>Am Donnerstag, 13.12.18, fand auf Station 31.4 der UMM unsere Nikolausfeier statt.<\/h6>\n<h6>Es war ein Nikolaus der besonderen Art und mit viel Herz: Thomas Larkin, einer der Adlerspieler, hat sich daf\u00fcr zur Verf\u00fcgung gestellt.<\/h6>\n<h6>Thomas hat sich m\u00e4chtig ins Zeug gelegt, um den kleinen und gro\u00dfen Patienten auf Station eine Freude zu bereiten. Mit deutscher und italienischer Sprache hat er allen Kindern ein Geschenk \u00fcberreicht und konnte ihnen so ein L\u00e4cheln ins Gesicht zaubern.<\/h6>\n<p><a href=\"https:\/\/www.rosyskidscorner.de\/wp-content\/uploads\/2018\/12\/20181213_nikolausfeier_31-4_bild01.jpg\"><img loading=\"lazy\" decoding=\"async\" class=\"alignnone size-medium wp-image-5846\" src=\"https:\/\/www.rosyskidscorner.de\/wp-content\/uploads\/2018\/12\/20181213_nikolausfeier_31-4_bild01-225x300.jpg\" alt=\"\" width=\"225\" height=\"300\" srcset=\"https:\/\/www.rosyskidscorner.de\/wp-content\/uploads\/2018\/12\/20181213_nikolausfeier_31-4_bild01-225x300.jpg 225w, https:\/\/www.rosyskidscorner.de\/wp-content\/uploads\/2018\/12\/20181213_nikolausfeier_31-4_bild01-768x1024.jpg 768w, https:\/\/www.rosyskidscorner.de\/wp-content\/uploads\/2018\/12\/20181213_nikolausfeier_31-4_bild01.jpg 1200w\" sizes=\"auto, (max-width: 225px) 100vw, 225px\" \/><\/a> <a href=\"https:\/\/www.rosyskidscorner.de\/wp-content\/uploads\/2018\/12\/20181213_nikolausfeier_31-4_IMG_8193.jpg\"><img loading=\"lazy\" decoding=\"async\" class=\"alignnone size-medium wp-image-5847\" src=\"https:\/\/www.rosyskidscorner.de\/wp-content\/uploads\/2018\/12\/20181213_nikolausfeier_31-4_IMG_8193-224x300.jpg\" alt=\"\" width=\"224\" height=\"300\" srcset=\"https:\/\/www.rosyskidscorner.de\/wp-content\/uploads\/2018\/12\/20181213_nikolausfeier_31-4_IMG_8193-224x300.jpg 224w, https:\/\/www.rosyskidscorner.de\/wp-content\/uploads\/2018\/12\/20181213_nikolausfeier_31-4_IMG_8193-768x1029.jpg 768w, https:\/\/www.rosyskidscorner.de\/wp-content\/uploads\/2018\/12\/20181213_nikolausfeier_31-4_IMG_8193-764x1024.jpg 764w, https:\/\/www.rosyskidscorner.de\/wp-content\/uploads\/2018\/12\/20181213_nikolausfeier_31-4_IMG_8193.jpg 1504w\" sizes=\"auto, (max-width: 224px) 100vw, 224px\" \/><\/a> <a href=\"https:\/\/www.rosyskidscorner.de\/wp-content\/uploads\/2018\/12\/20181213_nikolausfeier_31-4_IMG_8219.jpg\"><img loading=\"lazy\" decoding=\"async\" class=\"alignnone size-medium wp-image-5848\" src=\"https:\/\/www.rosyskidscorner.de\/wp-content\/uploads\/2018\/12\/20181213_nikolausfeier_31-4_IMG_8219-224x300.jpg\" alt=\"\" width=\"224\" height=\"300\" srcset=\"https:\/\/www.rosyskidscorner.de\/wp-content\/uploads\/2018\/12\/20181213_nikolausfeier_31-4_IMG_8219-224x300.jpg 224w, https:\/\/www.rosyskidscorner.de\/wp-content\/uploads\/2018\/12\/20181213_nikolausfeier_31-4_IMG_8219-768x1029.jpg 768w, https:\/\/www.rosyskidscorner.de\/wp-content\/uploads\/2018\/12\/20181213_nikolausfeier_31-4_IMG_8219-764x1024.jpg 764w, https:\/\/www.rosyskidscorner.de\/wp-content\/uploads\/2018\/12\/20181213_nikolausfeier_31-4_IMG_8219.jpg 1504w\" sizes=\"auto, (max-width: 224px) 100vw, 224px\" \/><\/a> <a href=\"https:\/\/www.rosyskidscorner.de\/wp-content\/uploads\/2018\/12\/20181213_nikolausfeier_31-4_IMG_8234.jpg\"><img loading=\"lazy\" decoding=\"async\" class=\"alignnone size-medium wp-image-5849\" src=\"https:\/\/www.rosyskidscorner.de\/wp-content\/uploads\/2018\/12\/20181213_nikolausfeier_31-4_IMG_8234-225x300.jpg\" alt=\"\" width=\"225\" height=\"300\" srcset=\"https:\/\/www.rosyskidscorner.de\/wp-content\/uploads\/2018\/12\/20181213_nikolausfeier_31-4_IMG_8234-225x300.jpg 225w, https:\/\/www.rosyskidscorner.de\/wp-content\/uploads\/2018\/12\/20181213_nikolausfeier_31-4_IMG_8234-768x1024.jpg 768w, https:\/\/www.rosyskidscorner.de\/wp-content\/uploads\/2018\/12\/20181213_nikolausfeier_31-4_IMG_8234.jpg 1512w\" sizes=\"auto, (max-width: 225px) 100vw, 225px\" \/><\/a> <a href=\"https:\/\/www.rosyskidscorner.de\/wp-content\/uploads\/2018\/12\/20181213_nikolausfeier_31-4_IMG_8235.jpg\"><img loading=\"lazy\" decoding=\"async\" class=\"alignnone size-medium wp-image-5850\" src=\"https:\/\/www.rosyskidscorner.de\/wp-content\/uploads\/2018\/12\/20181213_nikolausfeier_31-4_IMG_8235-225x300.jpg\" alt=\"\" width=\"225\" height=\"300\" srcset=\"https:\/\/www.rosyskidscorner.de\/wp-content\/uploads\/2018\/12\/20181213_nikolausfeier_31-4_IMG_8235-225x300.jpg 225w, https:\/\/www.rosyskidscorner.de\/wp-content\/uploads\/2018\/12\/20181213_nikolausfeier_31-4_IMG_8235-768x1024.jpg 768w, https:\/\/www.rosyskidscorner.de\/wp-content\/uploads\/2018\/12\/20181213_nikolausfeier_31-4_IMG_8235.jpg 1512w\" sizes=\"auto, (max-width: 225px) 100vw, 225px\" \/><\/a> <a href=\"https:\/\/www.rosyskidscorner.de\/wp-content\/uploads\/2018\/12\/20181213_nikolausfeier_31-4_IMG_8237.jpg\"><img loading=\"lazy\" decoding=\"async\" class=\"alignnone size-medium wp-image-5851\" src=\"https:\/\/www.rosyskidscorner.de\/wp-content\/uploads\/2018\/12\/20181213_nikolausfeier_31-4_IMG_8237-225x300.jpg\" alt=\"\" width=\"225\" height=\"300\" srcset=\"https:\/\/www.rosyskidscorner.de\/wp-content\/uploads\/2018\/12\/20181213_nikolausfeier_31-4_IMG_8237-225x300.jpg 225w, https:\/\/www.rosyskidscorner.de\/wp-content\/uploads\/2018\/12\/20181213_nikolausfeier_31-4_IMG_8237-768x1024.jpg 768w, https:\/\/www.rosyskidscorner.de\/wp-content\/uploads\/2018\/12\/20181213_nikolausfeier_31-4_IMG_8237.jpg 1512w\" sizes=\"auto, (max-width: 225px) 100vw, 225px\" \/><\/a> <a href=\"https:\/\/www.rosyskidscorner.de\/wp-content\/uploads\/2018\/12\/20181213_nikolausfeier_31-4_IMG_8241.jpg\"><img loading=\"lazy\" decoding=\"async\" class=\"alignnone size-medium wp-image-5852\" src=\"https:\/\/www.rosyskidscorner.de\/wp-content\/uploads\/2018\/12\/20181213_nikolausfeier_31-4_IMG_8241-225x300.jpg\" alt=\"\" width=\"225\" height=\"300\" srcset=\"https:\/\/www.rosyskidscorner.de\/wp-content\/uploads\/2018\/12\/20181213_nikolausfeier_31-4_IMG_8241-225x300.jpg 225w, https:\/\/www.rosyskidscorner.de\/wp-content\/uploads\/2018\/12\/20181213_nikolausfeier_31-4_IMG_8241-768x1024.jpg 768w, https:\/\/www.rosyskidscorner.de\/wp-content\/uploads\/2018\/12\/20181213_nikolausfeier_31-4_IMG_8241.jpg 1512w\" sizes=\"auto, (max-width: 225px) 100vw, 225px\" \/><\/a> <a href=\"https:\/\/www.rosyskidscorner.de\/wp-content\/uploads\/2018\/12\/20181213_nikolausfeier_31-4_IMG_8242.jpg\"><img loading=\"lazy\" decoding=\"async\" class=\"alignnone size-medium wp-image-5853\" src=\"https:\/\/www.rosyskidscorner.de\/wp-content\/uploads\/2018\/12\/20181213_nikolausfeier_31-4_IMG_8242-225x300.jpg\" alt=\"\" width=\"225\" height=\"300\" srcset=\"https:\/\/www.rosyskidscorner.de\/wp-content\/uploads\/2018\/12\/20181213_nikolausfeier_31-4_IMG_8242-225x300.jpg 225w, https:\/\/www.rosyskidscorner.de\/wp-content\/uploads\/2018\/12\/20181213_nikolausfeier_31-4_IMG_8242-768x1024.jpg 768w, https:\/\/www.rosyskidscorner.de\/wp-content\/uploads\/2018\/12\/20181213_nikolausfeier_31-4_IMG_8242.jpg 1512w\" sizes=\"auto, (max-width: 225px) 100vw, 225px\" \/><\/a> <a href=\"https:\/\/www.rosyskidscorner.de\/wp-content\/uploads\/2018\/12\/20181213_nikolausfeier_31-4_IMG_8260.jpg\"><img loading=\"lazy\" decoding=\"async\" class=\"alignnone size-medium wp-image-5854\" src=\"https:\/\/www.rosyskidscorner.de\/wp-content\/uploads\/2018\/12\/20181213_nikolausfeier_31-4_IMG_8260-225x300.jpg\" alt=\"\" width=\"225\" height=\"300\" srcset=\"https:\/\/www.rosyskidscorner.de\/wp-content\/uploads\/2018\/12\/20181213_nikolausfeier_31-4_IMG_8260-225x300.jpg 225w, https:\/\/www.rosyskidscorner.de\/wp-content\/uploads\/2018\/12\/20181213_nikolausfeier_31-4_IMG_8260-768x1024.jpg 768w, https:\/\/www.rosyskidscorner.de\/wp-content\/uploads\/2018\/12\/20181213_nikolausfeier_31-4_IMG_8260.jpg 1512w\" sizes=\"auto, (max-width: 225px) 100vw, 225px\" \/><\/a> <a href=\"https:\/\/www.rosyskidscorner.de\/wp-content\/uploads\/2018\/12\/20181213_nikolausfeier_31-4_IMG_8263.jpg\"><img loading=\"lazy\" decoding=\"async\" class=\"alignnone size-medium wp-image-5855\" src=\"https:\/\/www.rosyskidscorner.de\/wp-content\/uploads\/2018\/12\/20181213_nikolausfeier_31-4_IMG_8263-225x300.jpg\" alt=\"\" width=\"225\" height=\"300\" srcset=\"https:\/\/www.rosyskidscorner.de\/wp-content\/uploads\/2018\/12\/20181213_nikolausfeier_31-4_IMG_8263-225x300.jpg 225w, https:\/\/www.rosyskidscorner.de\/wp-content\/uploads\/2018\/12\/20181213_nikolausfeier_31-4_IMG_8263-768x1024.jpg 768w, https:\/\/www.rosyskidscorner.de\/wp-content\/uploads\/2018\/12\/20181213_nikolausfeier_31-4_IMG_8263.jpg 1512w\" sizes=\"auto, (max-width: 225px) 100vw, 225px\" \/><\/a> <a href=\"https:\/\/www.rosyskidscorner.de\/wp-content\/uploads\/2018\/12\/20181213_nikolausfeier_31-4_IMG_8271.jpg\"><img loading=\"lazy\" decoding=\"async\" class=\"alignnone size-medium wp-image-5856\" src=\"https:\/\/www.rosyskidscorner.de\/wp-content\/uploads\/2018\/12\/20181213_nikolausfeier_31-4_IMG_8271-225x300.jpg\" alt=\"\" width=\"225\" height=\"300\" srcset=\"https:\/\/www.rosyskidscorner.de\/wp-content\/uploads\/2018\/12\/20181213_nikolausfeier_31-4_IMG_8271-225x300.jpg 225w, https:\/\/www.rosyskidscorner.de\/wp-content\/uploads\/2018\/12\/20181213_nikolausfeier_31-4_IMG_8271-768x1024.jpg 768w, https:\/\/www.rosyskidscorner.de\/wp-content\/uploads\/2018\/12\/20181213_nikolausfeier_31-4_IMG_8271.jpg 1512w\" sizes=\"auto, (max-width: 225px) 100vw, 225px\" \/><\/a>\u00a0<a href=\"https:\/\/www.rosyskidscorner.de\/wp-content\/uploads\/2019\/02\/fotogalerie_20181213_nikolausfeier_PC130964.jpg\"><img loading=\"lazy\" decoding=\"async\" class=\"alignnone size-medium wp-image-5955\" src=\"https:\/\/www.rosyskidscorner.de\/wp-content\/uploads\/2019\/02\/fotogalerie_20181213_nikolausfeier_PC130964-300x225.jpg\" alt=\"\" width=\"300\" height=\"225\" srcset=\"https:\/\/www.rosyskidscorner.de\/wp-content\/uploads\/2019\/02\/fotogalerie_20181213_nikolausfeier_PC130964-300x225.jpg 300w, https:\/\/www.rosyskidscorner.de\/wp-content\/uploads\/2019\/02\/fotogalerie_20181213_nikolausfeier_PC130964-768x576.jpg 768w, https:\/\/www.rosyskidscorner.de\/wp-content\/uploads\/2019\/02\/fotogalerie_20181213_nikolausfeier_PC130964.jpg 1024w\" sizes=\"auto, (max-width: 300px) 100vw, 300px\" \/><\/a> <a href=\"https:\/\/www.rosyskidscorner.de\/wp-content\/uploads\/2019\/02\/fotogalerie_20181213_nikolausfeier_PC130969.jpg\"><img loading=\"lazy\" decoding=\"async\" class=\"alignnone size-medium wp-image-5956\" src=\"https:\/\/www.rosyskidscorner.de\/wp-content\/uploads\/2019\/02\/fotogalerie_20181213_nikolausfeier_PC130969-300x225.jpg\" alt=\"\" width=\"300\" height=\"225\" srcset=\"https:\/\/www.rosyskidscorner.de\/wp-content\/uploads\/2019\/02\/fotogalerie_20181213_nikolausfeier_PC130969-300x225.jpg 300w, https:\/\/www.rosyskidscorner.de\/wp-content\/uploads\/2019\/02\/fotogalerie_20181213_nikolausfeier_PC130969-768x576.jpg 768w, https:\/\/www.rosyskidscorner.de\/wp-content\/uploads\/2019\/02\/fotogalerie_20181213_nikolausfeier_PC130969.jpg 1024w\" sizes=\"auto, (max-width: 300px) 100vw, 300px\" \/><\/a> <a href=\"https:\/\/www.rosyskidscorner.de\/wp-content\/uploads\/2019\/02\/fotogalerie_20181213_nikolausfeier_PC130971.jpg\"><img loading=\"lazy\" decoding=\"async\" class=\"alignnone size-medium wp-image-5957\" src=\"https:\/\/www.rosyskidscorner.de\/wp-content\/uploads\/2019\/02\/fotogalerie_20181213_nikolausfeier_PC130971-300x225.jpg\" alt=\"\" width=\"300\" height=\"225\" srcset=\"https:\/\/www.rosyskidscorner.de\/wp-content\/uploads\/2019\/02\/fotogalerie_20181213_nikolausfeier_PC130971-300x225.jpg 300w, https:\/\/www.rosyskidscorner.de\/wp-content\/uploads\/2019\/02\/fotogalerie_20181213_nikolausfeier_PC130971-768x576.jpg 768w, https:\/\/www.rosyskidscorner.de\/wp-content\/uploads\/2019\/02\/fotogalerie_20181213_nikolausfeier_PC130971.jpg 1024w\" sizes=\"auto, (max-width: 300px) 100vw, 300px\" \/><\/a> <a href=\"https:\/\/www.rosyskidscorner.de\/wp-content\/uploads\/2019\/02\/fotogalerie_20181213_nikolausfeier_PC130973.jpg\"><img loading=\"lazy\" decoding=\"async\" class=\"alignnone size-medium wp-image-5958\" src=\"https:\/\/www.rosyskidscorner.de\/wp-content\/uploads\/2019\/02\/fotogalerie_20181213_nikolausfeier_PC130973-300x225.jpg\" alt=\"\" width=\"300\" height=\"225\" srcset=\"https:\/\/www.rosyskidscorner.de\/wp-content\/uploads\/2019\/02\/fotogalerie_20181213_nikolausfeier_PC130973-300x225.jpg 300w, https:\/\/www.rosyskidscorner.de\/wp-content\/uploads\/2019\/02\/fotogalerie_20181213_nikolausfeier_PC130973-768x576.jpg 768w, https:\/\/www.rosyskidscorner.de\/wp-content\/uploads\/2019\/02\/fotogalerie_20181213_nikolausfeier_PC130973.jpg 1024w\" sizes=\"auto, (max-width: 300px) 100vw, 300px\" \/><\/a> <a href=\"https:\/\/www.rosyskidscorner.de\/wp-content\/uploads\/2019\/02\/fotogalerie_20181213_nikolausfeier_PC130978.jpg\"><img loading=\"lazy\" decoding=\"async\" class=\"alignnone size-medium wp-image-5959\" src=\"https:\/\/www.rosyskidscorner.de\/wp-content\/uploads\/2019\/02\/fotogalerie_20181213_nikolausfeier_PC130978-225x300.jpg\" alt=\"\" width=\"225\" height=\"300\" srcset=\"https:\/\/www.rosyskidscorner.de\/wp-content\/uploads\/2019\/02\/fotogalerie_20181213_nikolausfeier_PC130978-225x300.jpg 225w, https:\/\/www.rosyskidscorner.de\/wp-content\/uploads\/2019\/02\/fotogalerie_20181213_nikolausfeier_PC130978.jpg 576w\" sizes=\"auto, (max-width: 225px) 100vw, 225px\" \/><\/a> <a href=\"https:\/\/www.rosyskidscorner.de\/wp-content\/uploads\/2019\/02\/fotogalerie_20181213_nikolausfeier_PC130980.jpg\"><img loading=\"lazy\" decoding=\"async\" class=\"alignnone size-medium wp-image-5960\" src=\"https:\/\/www.rosyskidscorner.de\/wp-content\/uploads\/2019\/02\/fotogalerie_20181213_nikolausfeier_PC130980-225x300.jpg\" alt=\"\" width=\"225\" height=\"300\" srcset=\"https:\/\/www.rosyskidscorner.de\/wp-content\/uploads\/2019\/02\/fotogalerie_20181213_nikolausfeier_PC130980-225x300.jpg 225w, https:\/\/www.rosyskidscorner.de\/wp-content\/uploads\/2019\/02\/fotogalerie_20181213_nikolausfeier_PC130980.jpg 576w\" sizes=\"auto, (max-width: 225px) 100vw, 225px\" \/><\/a> <a href=\"https:\/\/www.rosyskidscorner.de\/wp-content\/uploads\/2019\/02\/fotogalerie_20181213_nikolausfeier_PC130982.jpg\"><img loading=\"lazy\" decoding=\"async\" class=\"alignnone size-medium wp-image-5961\" src=\"https:\/\/www.rosyskidscorner.de\/wp-content\/uploads\/2019\/02\/fotogalerie_20181213_nikolausfeier_PC130982-300x225.jpg\" alt=\"\" width=\"300\" height=\"225\" srcset=\"https:\/\/www.rosyskidscorner.de\/wp-content\/uploads\/2019\/02\/fotogalerie_20181213_nikolausfeier_PC130982-300x225.jpg 300w, https:\/\/www.rosyskidscorner.de\/wp-content\/uploads\/2019\/02\/fotogalerie_20181213_nikolausfeier_PC130982-768x576.jpg 768w, https:\/\/www.rosyskidscorner.de\/wp-content\/uploads\/2019\/02\/fotogalerie_20181213_nikolausfeier_PC130982.jpg 1024w\" sizes=\"auto, (max-width: 300px) 100vw, 300px\" \/><\/a> <a href=\"https:\/\/www.rosyskidscorner.de\/wp-content\/uploads\/2019\/02\/fotogalerie_20181213_nikolausfeier_PC130984.jpg\"><img loading=\"lazy\" decoding=\"async\" class=\"alignnone size-medium wp-image-5962\" src=\"https:\/\/www.rosyskidscorner.de\/wp-content\/uploads\/2019\/02\/fotogalerie_20181213_nikolausfeier_PC130984-300x225.jpg\" alt=\"\" width=\"300\" height=\"225\" srcset=\"https:\/\/www.rosyskidscorner.de\/wp-content\/uploads\/2019\/02\/fotogalerie_20181213_nikolausfeier_PC130984-300x225.jpg 300w, https:\/\/www.rosyskidscorner.de\/wp-content\/uploads\/2019\/02\/fotogalerie_20181213_nikolausfeier_PC130984-768x576.jpg 768w, https:\/\/www.rosyskidscorner.de\/wp-content\/uploads\/2019\/02\/fotogalerie_20181213_nikolausfeier_PC130984.jpg 1024w\" sizes=\"auto, (max-width: 300px) 100vw, 300px\" \/><\/a> <a href=\"https:\/\/www.rosyskidscorner.de\/wp-content\/uploads\/2019\/02\/fotogalerie_20181213_nikolausfeier_PC130989.jpg\"><img loading=\"lazy\" decoding=\"async\" class=\"alignnone size-medium wp-image-5963\" src=\"https:\/\/www.rosyskidscorner.de\/wp-content\/uploads\/2019\/02\/fotogalerie_20181213_nikolausfeier_PC130989-225x300.jpg\" alt=\"\" width=\"225\" height=\"300\" srcset=\"https:\/\/www.rosyskidscorner.de\/wp-content\/uploads\/2019\/02\/fotogalerie_20181213_nikolausfeier_PC130989-225x300.jpg 225w, https:\/\/www.rosyskidscorner.de\/wp-content\/uploads\/2019\/02\/fotogalerie_20181213_nikolausfeier_PC130989.jpg 576w\" sizes=\"auto, (max-width: 225px) 100vw, 225px\" \/><\/a> <a href=\"https:\/\/www.rosyskidscorner.de\/wp-content\/uploads\/2019\/02\/fotogalerie_20181213_nikolausfeier_PC130996.jpg\"><img loading=\"lazy\" decoding=\"async\" class=\"alignnone size-medium wp-image-5964\" src=\"https:\/\/www.rosyskidscorner.de\/wp-content\/uploads\/2019\/02\/fotogalerie_20181213_nikolausfeier_PC130996-225x300.jpg\" alt=\"\" width=\"225\" height=\"300\" srcset=\"https:\/\/www.rosyskidscorner.de\/wp-content\/uploads\/2019\/02\/fotogalerie_20181213_nikolausfeier_PC130996-225x300.jpg 225w, https:\/\/www.rosyskidscorner.de\/wp-content\/uploads\/2019\/02\/fotogalerie_20181213_nikolausfeier_PC130996.jpg 576w\" sizes=\"auto, (max-width: 225px) 100vw, 225px\" \/><\/a> <a href=\"https:\/\/www.rosyskidscorner.de\/wp-content\/uploads\/2019\/02\/fotogalerie_20181213_nikolausfeier_PC130998.jpg\"><img loading=\"lazy\" decoding=\"async\" class=\"alignnone size-medium wp-image-5965\" src=\"https:\/\/www.rosyskidscorner.de\/wp-content\/uploads\/2019\/02\/fotogalerie_20181213_nikolausfeier_PC130998-225x300.jpg\" alt=\"\" width=\"225\" height=\"300\" srcset=\"https:\/\/www.rosyskidscorner.de\/wp-content\/uploads\/2019\/02\/fotogalerie_20181213_nikolausfeier_PC130998-225x300.jpg 225w, https:\/\/www.rosyskidscorner.de\/wp-content\/uploads\/2019\/02\/fotogalerie_20181213_nikolausfeier_PC130998.jpg 576w\" sizes=\"auto, (max-width: 225px) 100vw, 225px\" \/><\/a> <a href=\"https:\/\/www.rosyskidscorner.de\/wp-content\/uploads\/2019\/02\/fotogalerie_20181213_nikolausfeier_PC130999.jpg\"><img loading=\"lazy\" decoding=\"async\" class=\"alignnone size-medium wp-image-5966\" src=\"https:\/\/www.rosyskidscorner.de\/wp-content\/uploads\/2019\/02\/fotogalerie_20181213_nikolausfeier_PC130999-225x300.jpg\" alt=\"\" width=\"225\" height=\"300\" srcset=\"https:\/\/www.rosyskidscorner.de\/wp-content\/uploads\/2019\/02\/fotogalerie_20181213_nikolausfeier_PC130999-225x300.jpg 225w, https:\/\/www.rosyskidscorner.de\/wp-content\/uploads\/2019\/02\/fotogalerie_20181213_nikolausfeier_PC130999.jpg 576w\" sizes=\"auto, (max-width: 225px) 100vw, 225px\" \/><\/a><\/p>\n<h6>Alle waren gl\u00fccklich und zufrieden &#8211; eine wundervolle Nikolausfeier f\u00fcr unsere Patienten!<\/h6>\n<h6>Ganz herzlichen Dank an Thomas Larkin und alle Beteiligten f\u00fcr dieses tolle Event!<\/h6>\n<p><a href=\"https:\/\/www.rosyskidscorner.de\/wp-content\/uploads\/2018\/11\/dankeschoen.jpg\"><img loading=\"lazy\" decoding=\"async\" class=\"alignnone wp-image-5544\" src=\"https:\/\/www.rosyskidscorner.de\/wp-content\/uploads\/2018\/11\/dankeschoen-300x300.jpg\" alt=\"\" width=\"230\" height=\"230\" srcset=\"https:\/\/www.rosyskidscorner.de\/wp-content\/uploads\/2018\/11\/dankeschoen-300x300.jpg 300w, https:\/\/www.rosyskidscorner.de\/wp-content\/uploads\/2018\/11\/dankeschoen-150x150.jpg 150w, https:\/\/www.rosyskidscorner.de\/wp-content\/uploads\/2018\/11\/dankeschoen-768x765.jpg 768w, https:\/\/www.rosyskidscorner.de\/wp-content\/uploads\/2018\/11\/dankeschoen.jpg 778w\" sizes=\"auto, (max-width: 230px) 100vw, 230px\" \/><\/a><\/p>\n","protected":false},"excerpt":{"rendered":"<p>Am Donnerstag, 13.12.18, fand auf Station 31.4 der UMM unsere Nikolausfeier statt. Es war ein Nikolaus der besonderen Art und mit viel Herz: Thomas Larkin, einer der Adlerspieler, hat sich daf\u00fcr zur Verf\u00fcgung gestellt. Thomas hat sich m\u00e4chtig ins Zeug gelegt, um den kleinen und gro\u00dfen Patienten auf Station eine Freude zu bereiten. Mit deutscher &hellip; <a href=\"https:\/\/www.rosyskidscorner.de\/?page_id=5845\" class=\"more-link\">Continue reading <span class=\"screen-reader-text\">Fotogalerie: 13.12.18 \u2013 Nikolausfeier auf Station 31.4 der UMM<\/span> <span class=\"meta-nav\">&rarr;<\/span><\/a><\/p>\n","protected":false},"author":1,"featured_media":0,"parent":0,"menu_order":0,"comment_status":"closed","ping_status":"closed","template":"","meta":{"footnotes":""},"class_list":["post-5845","page","type-page","status-publish","hentry"],"_links":{"self":[{"href":"https:\/\/www.rosyskidscorner.de\/index.php?rest_route=\/wp\/v2\/pages\/5845","targetHints":{"allow":["GET"]}}],"collection":[{"href":"https:\/\/www.rosyskidscorner.de\/index.php?rest_route=\/wp\/v2\/pages"}],"about":[{"href":"https:\/\/www.rosyskidscorner.de\/index.php?rest_route=\/wp\/v2\/types\/page"}],"author":[{"embeddable":true,"href":"https:\/\/www.rosyskidscorner.de\/index.php?rest_route=\/wp\/v2\/users\/1"}],"replies":[{"embeddable":true,"href":"https:\/\/www.rosyskidscorner.de\/index.php?rest_route=%2Fwp%2Fv2%2Fcomments&post=5845"}],"version-history":[{"count":6,"href":"https:\/\/www.rosyskidscorner.de\/index.php?rest_route=\/wp\/v2\/pages\/5845\/revisions"}],"predecessor-version":[{"id":5968,"href":"https:\/\/www.rosyskidscorner.de\/index.php?rest_route=\/wp\/v2\/pages\/5845\/revisions\/5968"}],"wp:attachment":[{"href":"https:\/\/www.rosyskidscorner.de\/index.php?rest_route=%2Fwp%2Fv2%2Fmedia&parent=5845"}],"curies":[{"name":"wp","href":"https:\/\/api.w.org\/{rel}","templated":true}]}}