{"id":5864,"date":"2018-12-17T21:44:34","date_gmt":"2018-12-17T20:44:34","guid":{"rendered":"https:\/\/www.rosyskidscorner.de\/?page_id=5864"},"modified":"2018-12-17T21:44:34","modified_gmt":"2018-12-17T20:44:34","slug":"fotogalerie-09-12-18-u18-gruppe-bei-disney-in-concert-in-der-sap-arena-mannheim","status":"publish","type":"page","link":"https:\/\/www.rosyskidscorner.de\/?page_id=5864","title":{"rendered":"Fotogalerie: 09.12.18 \u2013 \u00dc18-Gruppe bei &#8220;Disney in Concert&#8221; in der SAP Arena Mannheim"},"content":{"rendered":"<h6>Am 09.12.18 durfte die <a href=\"https:\/\/www.krebskranke-kinder.de\/?page_id=85\" target=\"_blank\" rel=\"noopener\">\u00dc18-Gruppe<\/a> der Deutschen Leuk\u00e4mie-Forschungs-Hilfe -Aktion f\u00fcr krebskranke Kinder- Ortsverband Mannheim e.V. einen tollen Abend in der SAP Arena bei &#8220;Disney in Concert&#8221; erleben! \ud83d\ude42<\/h6>\n<p><a href=\"https:\/\/www.rosyskidscorner.de\/wp-content\/uploads\/2018\/12\/20181209_ue18_disneyinconcert_01.jpg\"><img loading=\"lazy\" decoding=\"async\" class=\"alignnone  wp-image-5865\" src=\"https:\/\/www.rosyskidscorner.de\/wp-content\/uploads\/2018\/12\/20181209_ue18_disneyinconcert_01-300x225.jpg\" alt=\"\" width=\"226\" height=\"169\" srcset=\"https:\/\/www.rosyskidscorner.de\/wp-content\/uploads\/2018\/12\/20181209_ue18_disneyinconcert_01-300x225.jpg 300w, https:\/\/www.rosyskidscorner.de\/wp-content\/uploads\/2018\/12\/20181209_ue18_disneyinconcert_01-768x576.jpg 768w, https:\/\/www.rosyskidscorner.de\/wp-content\/uploads\/2018\/12\/20181209_ue18_disneyinconcert_01-1024x768.jpg 1024w, https:\/\/www.rosyskidscorner.de\/wp-content\/uploads\/2018\/12\/20181209_ue18_disneyinconcert_01.jpg 1600w\" sizes=\"auto, (max-width: 226px) 100vw, 226px\" \/><\/a> <a href=\"https:\/\/www.rosyskidscorner.de\/wp-content\/uploads\/2018\/12\/20181209_ue18_disneyinconcert_02.jpg\"><img loading=\"lazy\" decoding=\"async\" class=\"alignnone size-medium wp-image-5866\" src=\"https:\/\/www.rosyskidscorner.de\/wp-content\/uploads\/2018\/12\/20181209_ue18_disneyinconcert_02-300x169.jpg\" alt=\"\" width=\"300\" height=\"169\" srcset=\"https:\/\/www.rosyskidscorner.de\/wp-content\/uploads\/2018\/12\/20181209_ue18_disneyinconcert_02-300x169.jpg 300w, https:\/\/www.rosyskidscorner.de\/wp-content\/uploads\/2018\/12\/20181209_ue18_disneyinconcert_02-768x432.jpg 768w, https:\/\/www.rosyskidscorner.de\/wp-content\/uploads\/2018\/12\/20181209_ue18_disneyinconcert_02-1024x576.jpg 1024w, https:\/\/www.rosyskidscorner.de\/wp-content\/uploads\/2018\/12\/20181209_ue18_disneyinconcert_02.jpg 1600w\" sizes=\"auto, (max-width: 300px) 100vw, 300px\" \/><\/a> <a href=\"https:\/\/www.rosyskidscorner.de\/wp-content\/uploads\/2018\/12\/20181209_ue18_disneyinconcert_03.jpg\"><img loading=\"lazy\" decoding=\"async\" class=\"alignnone size-medium wp-image-5867\" src=\"https:\/\/www.rosyskidscorner.de\/wp-content\/uploads\/2018\/12\/20181209_ue18_disneyinconcert_03-300x169.jpg\" alt=\"\" width=\"300\" height=\"169\" srcset=\"https:\/\/www.rosyskidscorner.de\/wp-content\/uploads\/2018\/12\/20181209_ue18_disneyinconcert_03-300x169.jpg 300w, https:\/\/www.rosyskidscorner.de\/wp-content\/uploads\/2018\/12\/20181209_ue18_disneyinconcert_03-768x432.jpg 768w, https:\/\/www.rosyskidscorner.de\/wp-content\/uploads\/2018\/12\/20181209_ue18_disneyinconcert_03-1024x576.jpg 1024w, https:\/\/www.rosyskidscorner.de\/wp-content\/uploads\/2018\/12\/20181209_ue18_disneyinconcert_03.jpg 1600w\" sizes=\"auto, (max-width: 300px) 100vw, 300px\" \/><\/a> <a href=\"https:\/\/www.rosyskidscorner.de\/wp-content\/uploads\/2018\/12\/20181209_ue18_disneyinconcert_04.jpg\"><img loading=\"lazy\" decoding=\"async\" class=\"alignnone size-medium wp-image-5868\" src=\"https:\/\/www.rosyskidscorner.de\/wp-content\/uploads\/2018\/12\/20181209_ue18_disneyinconcert_04-300x169.jpg\" alt=\"\" width=\"300\" height=\"169\" srcset=\"https:\/\/www.rosyskidscorner.de\/wp-content\/uploads\/2018\/12\/20181209_ue18_disneyinconcert_04-300x169.jpg 300w, https:\/\/www.rosyskidscorner.de\/wp-content\/uploads\/2018\/12\/20181209_ue18_disneyinconcert_04-768x432.jpg 768w, https:\/\/www.rosyskidscorner.de\/wp-content\/uploads\/2018\/12\/20181209_ue18_disneyinconcert_04-1024x576.jpg 1024w, https:\/\/www.rosyskidscorner.de\/wp-content\/uploads\/2018\/12\/20181209_ue18_disneyinconcert_04.jpg 1600w\" sizes=\"auto, (max-width: 300px) 100vw, 300px\" \/><\/a><\/p>\n","protected":false},"excerpt":{"rendered":"<p>Am 09.12.18 durfte die \u00dc18-Gruppe der Deutschen Leuk\u00e4mie-Forschungs-Hilfe -Aktion f\u00fcr krebskranke Kinder- Ortsverband Mannheim e.V. einen tollen Abend in der SAP Arena bei &#8220;Disney in Concert&#8221; erleben! \ud83d\ude42<\/p>\n","protected":false},"author":1,"featured_media":0,"parent":0,"menu_order":0,"comment_status":"closed","ping_status":"closed","template":"","meta":{"footnotes":""},"class_list":["post-5864","page","type-page","status-publish","hentry"],"_links":{"self":[{"href":"https:\/\/www.rosyskidscorner.de\/index.php?rest_route=\/wp\/v2\/pages\/5864","targetHints":{"allow":["GET"]}}],"collection":[{"href":"https:\/\/www.rosyskidscorner.de\/index.php?rest_route=\/wp\/v2\/pages"}],"about":[{"href":"https:\/\/www.rosyskidscorner.de\/index.php?rest_route=\/wp\/v2\/types\/page"}],"author":[{"embeddable":true,"href":"https:\/\/www.rosyskidscorner.de\/index.php?rest_route=\/wp\/v2\/users\/1"}],"replies":[{"embeddable":true,"href":"https:\/\/www.rosyskidscorner.de\/index.php?rest_route=%2Fwp%2Fv2%2Fcomments&post=5864"}],"version-history":[{"count":3,"href":"https:\/\/www.rosyskidscorner.de\/index.php?rest_route=\/wp\/v2\/pages\/5864\/revisions"}],"predecessor-version":[{"id":5871,"href":"https:\/\/www.rosyskidscorner.de\/index.php?rest_route=\/wp\/v2\/pages\/5864\/revisions\/5871"}],"wp:attachment":[{"href":"https:\/\/www.rosyskidscorner.de\/index.php?rest_route=%2Fwp%2Fv2%2Fmedia&parent=5864"}],"curies":[{"name":"wp","href":"https:\/\/api.w.org\/{rel}","templated":true}]}}