{"id":6116,"date":"2019-02-10T14:51:27","date_gmt":"2019-02-10T13:51:27","guid":{"rendered":"https:\/\/www.rosyskidscorner.de\/?page_id=6116"},"modified":"2019-02-10T15:16:40","modified_gmt":"2019-02-10T14:16:40","slug":"fotogalerie-02-01-19-spendenubergabe-vom-spiel-der-leuchtenden-herzen-in-der-sap-arena-mannheim","status":"publish","type":"page","link":"https:\/\/www.rosyskidscorner.de\/?page_id=6116","title":{"rendered":"Fotogalerie: 02.01.19 &#8211; Spenden\u00fcbergabe vom &#8220;Spiel der leuchtenden Herzen&#8221; in der SAP Arena Mannheim"},"content":{"rendered":"<h4>Noch mal ein ganz, ganz herzliches Dankesch\u00f6n an die <a href=\"https:\/\/www.adler-mannheim.de\" target=\"_blank\" rel=\"noopener\">ADLER Mannheim<\/a>, den Verein <a href=\"https:\/\/www.adler-mannheim.de\/die-adler\/charity\/\" target=\"_blank\" rel=\"noopener\">&#8220;Adler helfen Menschen e.V.&#8221;<\/a> sowie allen Spender\/n\/innen f\u00fcr diese gro\u00dfartige Unterst\u00fctzung!<\/h4>\n<p><a href=\"https:\/\/www.rosyskidscorner.de\/?page_id=5875\"><strong>Weitere Infos finden Sie in unserem Pressebereich!<\/strong><\/a><\/p>\n<p><a href=\"https:\/\/www.rosyskidscorner.de\/wp-content\/uploads\/2019\/02\/fotogalerie_20190102_spendenuebergabe_sdlh_RKC_Spende_0007.jpg\"><img loading=\"lazy\" decoding=\"async\" class=\"alignnone size-medium wp-image-6117\" src=\"https:\/\/www.rosyskidscorner.de\/wp-content\/uploads\/2019\/02\/fotogalerie_20190102_spendenuebergabe_sdlh_RKC_Spende_0007-300x257.jpg\" alt=\"\" width=\"300\" height=\"257\" srcset=\"https:\/\/www.rosyskidscorner.de\/wp-content\/uploads\/2019\/02\/fotogalerie_20190102_spendenuebergabe_sdlh_RKC_Spende_0007-300x257.jpg 300w, https:\/\/www.rosyskidscorner.de\/wp-content\/uploads\/2019\/02\/fotogalerie_20190102_spendenuebergabe_sdlh_RKC_Spende_0007-768x657.jpg 768w, https:\/\/www.rosyskidscorner.de\/wp-content\/uploads\/2019\/02\/fotogalerie_20190102_spendenuebergabe_sdlh_RKC_Spende_0007.jpg 898w\" sizes=\"auto, (max-width: 300px) 100vw, 300px\" \/><\/a> <a href=\"https:\/\/www.rosyskidscorner.de\/wp-content\/uploads\/2019\/02\/fotogalerie_20190102_spendenuebergabe_sdlh_RKC_Spende_0008.jpg\"><img loading=\"lazy\" decoding=\"async\" class=\"alignnone size-medium wp-image-6118\" src=\"https:\/\/www.rosyskidscorner.de\/wp-content\/uploads\/2019\/02\/fotogalerie_20190102_spendenuebergabe_sdlh_RKC_Spende_0008-300x222.jpg\" alt=\"\" width=\"300\" height=\"222\" srcset=\"https:\/\/www.rosyskidscorner.de\/wp-content\/uploads\/2019\/02\/fotogalerie_20190102_spendenuebergabe_sdlh_RKC_Spende_0008-300x222.jpg 300w, https:\/\/www.rosyskidscorner.de\/wp-content\/uploads\/2019\/02\/fotogalerie_20190102_spendenuebergabe_sdlh_RKC_Spende_0008-768x569.jpg 768w, https:\/\/www.rosyskidscorner.de\/wp-content\/uploads\/2019\/02\/fotogalerie_20190102_spendenuebergabe_sdlh_RKC_Spende_0008.jpg 1024w\" sizes=\"auto, (max-width: 300px) 100vw, 300px\" \/><\/a> <a href=\"https:\/\/www.rosyskidscorner.de\/wp-content\/uploads\/2019\/02\/fotogalerie_20190102_spendenuebergabe_sdlh_RKC_Spende_0009.jpg\"><img loading=\"lazy\" decoding=\"async\" class=\"alignnone size-medium wp-image-6119\" src=\"https:\/\/www.rosyskidscorner.de\/wp-content\/uploads\/2019\/02\/fotogalerie_20190102_spendenuebergabe_sdlh_RKC_Spende_0009-228x300.jpg\" alt=\"\" width=\"228\" height=\"300\" srcset=\"https:\/\/www.rosyskidscorner.de\/wp-content\/uploads\/2019\/02\/fotogalerie_20190102_spendenuebergabe_sdlh_RKC_Spende_0009-228x300.jpg 228w, https:\/\/www.rosyskidscorner.de\/wp-content\/uploads\/2019\/02\/fotogalerie_20190102_spendenuebergabe_sdlh_RKC_Spende_0009.jpg 584w\" sizes=\"auto, (max-width: 228px) 100vw, 228px\" \/><\/a> <a href=\"https:\/\/www.rosyskidscorner.de\/wp-content\/uploads\/2019\/02\/fotogalerie_20190102_spendenuebergabe_sdlh_RKC_Spende_0013.jpg\"><img loading=\"lazy\" decoding=\"async\" class=\"alignnone size-medium wp-image-6120\" src=\"https:\/\/www.rosyskidscorner.de\/wp-content\/uploads\/2019\/02\/fotogalerie_20190102_spendenuebergabe_sdlh_RKC_Spende_0013-236x300.jpg\" alt=\"\" width=\"236\" height=\"300\" srcset=\"https:\/\/www.rosyskidscorner.de\/wp-content\/uploads\/2019\/02\/fotogalerie_20190102_spendenuebergabe_sdlh_RKC_Spende_0013-236x300.jpg 236w, https:\/\/www.rosyskidscorner.de\/wp-content\/uploads\/2019\/02\/fotogalerie_20190102_spendenuebergabe_sdlh_RKC_Spende_0013.jpg 605w\" sizes=\"auto, (max-width: 236px) 100vw, 236px\" \/><\/a> <a href=\"https:\/\/www.rosyskidscorner.de\/wp-content\/uploads\/2019\/02\/fotogalerie_20190102_spendenuebergabe_sdlh_RKC_Spende_0017.jpg\"><img loading=\"lazy\" decoding=\"async\" class=\"alignnone size-medium wp-image-6121\" src=\"https:\/\/www.rosyskidscorner.de\/wp-content\/uploads\/2019\/02\/fotogalerie_20190102_spendenuebergabe_sdlh_RKC_Spende_0017-234x300.jpg\" alt=\"\" width=\"234\" height=\"300\" srcset=\"https:\/\/www.rosyskidscorner.de\/wp-content\/uploads\/2019\/02\/fotogalerie_20190102_spendenuebergabe_sdlh_RKC_Spende_0017-234x300.jpg 234w, https:\/\/www.rosyskidscorner.de\/wp-content\/uploads\/2019\/02\/fotogalerie_20190102_spendenuebergabe_sdlh_RKC_Spende_0017.jpg 600w\" sizes=\"auto, (max-width: 234px) 100vw, 234px\" \/><\/a> <a href=\"https:\/\/www.rosyskidscorner.de\/wp-content\/uploads\/2019\/02\/fotogalerie_20190102_spendenuebergabe_sdlh_RKC_Spende_0018.jpg\"><img loading=\"lazy\" decoding=\"async\" class=\"alignnone size-medium wp-image-6122\" src=\"https:\/\/www.rosyskidscorner.de\/wp-content\/uploads\/2019\/02\/fotogalerie_20190102_spendenuebergabe_sdlh_RKC_Spende_0018-300x200.jpg\" alt=\"\" width=\"300\" height=\"200\" srcset=\"https:\/\/www.rosyskidscorner.de\/wp-content\/uploads\/2019\/02\/fotogalerie_20190102_spendenuebergabe_sdlh_RKC_Spende_0018-300x200.jpg 300w, https:\/\/www.rosyskidscorner.de\/wp-content\/uploads\/2019\/02\/fotogalerie_20190102_spendenuebergabe_sdlh_RKC_Spende_0018-768x512.jpg 768w, https:\/\/www.rosyskidscorner.de\/wp-content\/uploads\/2019\/02\/fotogalerie_20190102_spendenuebergabe_sdlh_RKC_Spende_0018.jpg 1024w\" sizes=\"auto, (max-width: 300px) 100vw, 300px\" \/><\/a> <a href=\"https:\/\/www.rosyskidscorner.de\/wp-content\/uploads\/2019\/02\/fotogalerie_20190102_spendenuebergabe_sdlh_RKC_Spende_0019.jpg\"><img loading=\"lazy\" decoding=\"async\" class=\"alignnone size-medium wp-image-6123\" src=\"https:\/\/www.rosyskidscorner.de\/wp-content\/uploads\/2019\/02\/fotogalerie_20190102_spendenuebergabe_sdlh_RKC_Spende_0019-230x300.jpg\" alt=\"\" width=\"230\" height=\"300\" srcset=\"https:\/\/www.rosyskidscorner.de\/wp-content\/uploads\/2019\/02\/fotogalerie_20190102_spendenuebergabe_sdlh_RKC_Spende_0019-230x300.jpg 230w, https:\/\/www.rosyskidscorner.de\/wp-content\/uploads\/2019\/02\/fotogalerie_20190102_spendenuebergabe_sdlh_RKC_Spende_0019.jpg 589w\" sizes=\"auto, (max-width: 230px) 100vw, 230px\" \/><\/a> <a href=\"https:\/\/www.rosyskidscorner.de\/wp-content\/uploads\/2019\/02\/fotogalerie_20190102_spendenuebergabe_sdlh_RKC_Spende_0020.jpg\"><img loading=\"lazy\" decoding=\"async\" class=\"alignnone size-medium wp-image-6124\" src=\"https:\/\/www.rosyskidscorner.de\/wp-content\/uploads\/2019\/02\/fotogalerie_20190102_spendenuebergabe_sdlh_RKC_Spende_0020-230x300.jpg\" alt=\"\" width=\"230\" height=\"300\" srcset=\"https:\/\/www.rosyskidscorner.de\/wp-content\/uploads\/2019\/02\/fotogalerie_20190102_spendenuebergabe_sdlh_RKC_Spende_0020-230x300.jpg 230w, https:\/\/www.rosyskidscorner.de\/wp-content\/uploads\/2019\/02\/fotogalerie_20190102_spendenuebergabe_sdlh_RKC_Spende_0020.jpg 590w\" sizes=\"auto, (max-width: 230px) 100vw, 230px\" \/><\/a> <a href=\"https:\/\/www.rosyskidscorner.de\/wp-content\/uploads\/2019\/02\/fotogalerie_20190102_spendenuebergabe_sdlh_RKC_Spende_0026.jpg\"><img loading=\"lazy\" decoding=\"async\" class=\"alignnone size-medium wp-image-6125\" src=\"https:\/\/www.rosyskidscorner.de\/wp-content\/uploads\/2019\/02\/fotogalerie_20190102_spendenuebergabe_sdlh_RKC_Spende_0026-300x200.jpg\" alt=\"\" width=\"300\" height=\"200\" srcset=\"https:\/\/www.rosyskidscorner.de\/wp-content\/uploads\/2019\/02\/fotogalerie_20190102_spendenuebergabe_sdlh_RKC_Spende_0026-300x200.jpg 300w, https:\/\/www.rosyskidscorner.de\/wp-content\/uploads\/2019\/02\/fotogalerie_20190102_spendenuebergabe_sdlh_RKC_Spende_0026-768x512.jpg 768w, https:\/\/www.rosyskidscorner.de\/wp-content\/uploads\/2019\/02\/fotogalerie_20190102_spendenuebergabe_sdlh_RKC_Spende_0026.jpg 1024w\" sizes=\"auto, (max-width: 300px) 100vw, 300px\" \/><\/a> <a href=\"https:\/\/www.rosyskidscorner.de\/wp-content\/uploads\/2019\/02\/fotogalerie_20190102_spendenuebergabe_sdlh_RKC_Spende_0028.jpg\"><img loading=\"lazy\" decoding=\"async\" class=\"alignnone size-medium wp-image-6126\" src=\"https:\/\/www.rosyskidscorner.de\/wp-content\/uploads\/2019\/02\/fotogalerie_20190102_spendenuebergabe_sdlh_RKC_Spende_0028-244x300.jpg\" alt=\"\" width=\"244\" height=\"300\" srcset=\"https:\/\/www.rosyskidscorner.de\/wp-content\/uploads\/2019\/02\/fotogalerie_20190102_spendenuebergabe_sdlh_RKC_Spende_0028-244x300.jpg 244w, https:\/\/www.rosyskidscorner.de\/wp-content\/uploads\/2019\/02\/fotogalerie_20190102_spendenuebergabe_sdlh_RKC_Spende_0028.jpg 624w\" sizes=\"auto, (max-width: 244px) 100vw, 244px\" \/><\/a> <a href=\"https:\/\/www.rosyskidscorner.de\/wp-content\/uploads\/2019\/02\/fotogalerie_20190102_spendenuebergabe_sdlh_RKC_Spende_0032.jpg\"><img loading=\"lazy\" decoding=\"async\" class=\"alignnone size-medium wp-image-6127\" src=\"https:\/\/www.rosyskidscorner.de\/wp-content\/uploads\/2019\/02\/fotogalerie_20190102_spendenuebergabe_sdlh_RKC_Spende_0032-217x300.jpg\" alt=\"\" width=\"217\" height=\"300\" srcset=\"https:\/\/www.rosyskidscorner.de\/wp-content\/uploads\/2019\/02\/fotogalerie_20190102_spendenuebergabe_sdlh_RKC_Spende_0032-217x300.jpg 217w, https:\/\/www.rosyskidscorner.de\/wp-content\/uploads\/2019\/02\/fotogalerie_20190102_spendenuebergabe_sdlh_RKC_Spende_0032.jpg 556w\" sizes=\"auto, (max-width: 217px) 100vw, 217px\" \/><\/a> <a href=\"https:\/\/www.rosyskidscorner.de\/wp-content\/uploads\/2019\/02\/fotogalerie_20190102_spendenuebergabe_sdlh_RKC_Spende_0033a.jpg\"><img loading=\"lazy\" decoding=\"async\" class=\"alignnone size-medium wp-image-6128\" src=\"https:\/\/www.rosyskidscorner.de\/wp-content\/uploads\/2019\/02\/fotogalerie_20190102_spendenuebergabe_sdlh_RKC_Spende_0033a-300x194.jpg\" alt=\"\" width=\"300\" height=\"194\" srcset=\"https:\/\/www.rosyskidscorner.de\/wp-content\/uploads\/2019\/02\/fotogalerie_20190102_spendenuebergabe_sdlh_RKC_Spende_0033a-300x194.jpg 300w, https:\/\/www.rosyskidscorner.de\/wp-content\/uploads\/2019\/02\/fotogalerie_20190102_spendenuebergabe_sdlh_RKC_Spende_0033a-768x496.jpg 768w, https:\/\/www.rosyskidscorner.de\/wp-content\/uploads\/2019\/02\/fotogalerie_20190102_spendenuebergabe_sdlh_RKC_Spende_0033a.jpg 1024w\" sizes=\"auto, (max-width: 300px) 100vw, 300px\" \/><\/a> <a href=\"https:\/\/www.rosyskidscorner.de\/wp-content\/uploads\/2019\/02\/fotogalerie_20190102_spendenuebergabe_sdlh_RKC_Spende_0034.jpg\"><img loading=\"lazy\" decoding=\"async\" class=\"alignnone size-medium wp-image-6129\" src=\"https:\/\/www.rosyskidscorner.de\/wp-content\/uploads\/2019\/02\/fotogalerie_20190102_spendenuebergabe_sdlh_RKC_Spende_0034-300x200.jpg\" alt=\"\" width=\"300\" height=\"200\" srcset=\"https:\/\/www.rosyskidscorner.de\/wp-content\/uploads\/2019\/02\/fotogalerie_20190102_spendenuebergabe_sdlh_RKC_Spende_0034-300x200.jpg 300w, https:\/\/www.rosyskidscorner.de\/wp-content\/uploads\/2019\/02\/fotogalerie_20190102_spendenuebergabe_sdlh_RKC_Spende_0034-768x512.jpg 768w, https:\/\/www.rosyskidscorner.de\/wp-content\/uploads\/2019\/02\/fotogalerie_20190102_spendenuebergabe_sdlh_RKC_Spende_0034.jpg 1024w\" sizes=\"auto, (max-width: 300px) 100vw, 300px\" \/><\/a> <a href=\"https:\/\/www.rosyskidscorner.de\/wp-content\/uploads\/2019\/02\/fotogalerie_20190102_spendenuebergabe_sdlh_RKC_Spende_0036.jpg\"><img loading=\"lazy\" decoding=\"async\" class=\"alignnone size-medium wp-image-6130\" src=\"https:\/\/www.rosyskidscorner.de\/wp-content\/uploads\/2019\/02\/fotogalerie_20190102_spendenuebergabe_sdlh_RKC_Spende_0036-300x200.jpg\" alt=\"\" width=\"300\" height=\"200\" srcset=\"https:\/\/www.rosyskidscorner.de\/wp-content\/uploads\/2019\/02\/fotogalerie_20190102_spendenuebergabe_sdlh_RKC_Spende_0036-300x200.jpg 300w, https:\/\/www.rosyskidscorner.de\/wp-content\/uploads\/2019\/02\/fotogalerie_20190102_spendenuebergabe_sdlh_RKC_Spende_0036-768x512.jpg 768w, https:\/\/www.rosyskidscorner.de\/wp-content\/uploads\/2019\/02\/fotogalerie_20190102_spendenuebergabe_sdlh_RKC_Spende_0036.jpg 1024w\" sizes=\"auto, (max-width: 300px) 100vw, 300px\" \/><\/a> <a href=\"https:\/\/www.rosyskidscorner.de\/wp-content\/uploads\/2019\/02\/fotogalerie_20190102_spendenuebergabe_sdlh_RKC_Spende_0038.jpg\"><img loading=\"lazy\" decoding=\"async\" class=\"alignnone size-medium wp-image-6131\" src=\"https:\/\/www.rosyskidscorner.de\/wp-content\/uploads\/2019\/02\/fotogalerie_20190102_spendenuebergabe_sdlh_RKC_Spende_0038-300x169.jpg\" alt=\"\" width=\"300\" height=\"169\" srcset=\"https:\/\/www.rosyskidscorner.de\/wp-content\/uploads\/2019\/02\/fotogalerie_20190102_spendenuebergabe_sdlh_RKC_Spende_0038-300x169.jpg 300w, https:\/\/www.rosyskidscorner.de\/wp-content\/uploads\/2019\/02\/fotogalerie_20190102_spendenuebergabe_sdlh_RKC_Spende_0038-768x434.jpg 768w, https:\/\/www.rosyskidscorner.de\/wp-content\/uploads\/2019\/02\/fotogalerie_20190102_spendenuebergabe_sdlh_RKC_Spende_0038.jpg 1024w\" sizes=\"auto, (max-width: 300px) 100vw, 300px\" \/><\/a> <a href=\"https:\/\/www.rosyskidscorner.de\/wp-content\/uploads\/2019\/02\/fotogalerie_20190102_spendenuebergabe_sdlh_RKC_Spende_0043.jpg\"><img loading=\"lazy\" decoding=\"async\" class=\"alignnone size-medium wp-image-6132\" src=\"https:\/\/www.rosyskidscorner.de\/wp-content\/uploads\/2019\/02\/fotogalerie_20190102_spendenuebergabe_sdlh_RKC_Spende_0043-300x200.jpg\" alt=\"\" width=\"300\" height=\"200\" srcset=\"https:\/\/www.rosyskidscorner.de\/wp-content\/uploads\/2019\/02\/fotogalerie_20190102_spendenuebergabe_sdlh_RKC_Spende_0043-300x200.jpg 300w, https:\/\/www.rosyskidscorner.de\/wp-content\/uploads\/2019\/02\/fotogalerie_20190102_spendenuebergabe_sdlh_RKC_Spende_0043-768x512.jpg 768w, https:\/\/www.rosyskidscorner.de\/wp-content\/uploads\/2019\/02\/fotogalerie_20190102_spendenuebergabe_sdlh_RKC_Spende_0043.jpg 1024w\" sizes=\"auto, (max-width: 300px) 100vw, 300px\" \/><\/a> <a href=\"https:\/\/www.rosyskidscorner.de\/wp-content\/uploads\/2019\/02\/fotogalerie_20190102_spendenuebergabe_sdlh_RKC_Spende_0048.jpg\"><img loading=\"lazy\" decoding=\"async\" class=\"alignnone size-medium wp-image-6133\" src=\"https:\/\/www.rosyskidscorner.de\/wp-content\/uploads\/2019\/02\/fotogalerie_20190102_spendenuebergabe_sdlh_RKC_Spende_0048-300x200.jpg\" alt=\"\" width=\"300\" height=\"200\" srcset=\"https:\/\/www.rosyskidscorner.de\/wp-content\/uploads\/2019\/02\/fotogalerie_20190102_spendenuebergabe_sdlh_RKC_Spende_0048-300x200.jpg 300w, https:\/\/www.rosyskidscorner.de\/wp-content\/uploads\/2019\/02\/fotogalerie_20190102_spendenuebergabe_sdlh_RKC_Spende_0048-768x512.jpg 768w, https:\/\/www.rosyskidscorner.de\/wp-content\/uploads\/2019\/02\/fotogalerie_20190102_spendenuebergabe_sdlh_RKC_Spende_0048.jpg 1024w\" sizes=\"auto, (max-width: 300px) 100vw, 300px\" \/><\/a> <a href=\"https:\/\/www.rosyskidscorner.de\/wp-content\/uploads\/2019\/02\/fotogalerie_20190102_spendenuebergabe_sdlh_RKC_Spende_0054.jpg\"><img loading=\"lazy\" decoding=\"async\" class=\"alignnone size-medium wp-image-6134\" src=\"https:\/\/www.rosyskidscorner.de\/wp-content\/uploads\/2019\/02\/fotogalerie_20190102_spendenuebergabe_sdlh_RKC_Spende_0054-300x200.jpg\" alt=\"\" width=\"300\" height=\"200\" srcset=\"https:\/\/www.rosyskidscorner.de\/wp-content\/uploads\/2019\/02\/fotogalerie_20190102_spendenuebergabe_sdlh_RKC_Spende_0054-300x200.jpg 300w, https:\/\/www.rosyskidscorner.de\/wp-content\/uploads\/2019\/02\/fotogalerie_20190102_spendenuebergabe_sdlh_RKC_Spende_0054-768x512.jpg 768w, https:\/\/www.rosyskidscorner.de\/wp-content\/uploads\/2019\/02\/fotogalerie_20190102_spendenuebergabe_sdlh_RKC_Spende_0054.jpg 1024w\" sizes=\"auto, (max-width: 300px) 100vw, 300px\" \/><\/a> <a href=\"https:\/\/www.rosyskidscorner.de\/wp-content\/uploads\/2019\/02\/fotogalerie_20190102_spendenuebergabe_sdlh_RKC_Spende_0057.jpg\"><img loading=\"lazy\" decoding=\"async\" class=\"alignnone size-medium wp-image-6135\" src=\"https:\/\/www.rosyskidscorner.de\/wp-content\/uploads\/2019\/02\/fotogalerie_20190102_spendenuebergabe_sdlh_RKC_Spende_0057-300x200.jpg\" alt=\"\" width=\"300\" height=\"200\" srcset=\"https:\/\/www.rosyskidscorner.de\/wp-content\/uploads\/2019\/02\/fotogalerie_20190102_spendenuebergabe_sdlh_RKC_Spende_0057-300x200.jpg 300w, https:\/\/www.rosyskidscorner.de\/wp-content\/uploads\/2019\/02\/fotogalerie_20190102_spendenuebergabe_sdlh_RKC_Spende_0057-768x512.jpg 768w, https:\/\/www.rosyskidscorner.de\/wp-content\/uploads\/2019\/02\/fotogalerie_20190102_spendenuebergabe_sdlh_RKC_Spende_0057.jpg 1024w\" sizes=\"auto, (max-width: 300px) 100vw, 300px\" \/><\/a> <a href=\"https:\/\/www.rosyskidscorner.de\/wp-content\/uploads\/2019\/02\/fotogalerie_20190102_spendenuebergabe_sdlh_RKC_Spende_0058.jpg\"><img loading=\"lazy\" decoding=\"async\" class=\"alignnone size-medium wp-image-6136\" src=\"https:\/\/www.rosyskidscorner.de\/wp-content\/uploads\/2019\/02\/fotogalerie_20190102_spendenuebergabe_sdlh_RKC_Spende_0058-222x300.jpg\" alt=\"\" width=\"222\" height=\"300\" srcset=\"https:\/\/www.rosyskidscorner.de\/wp-content\/uploads\/2019\/02\/fotogalerie_20190102_spendenuebergabe_sdlh_RKC_Spende_0058-222x300.jpg 222w, https:\/\/www.rosyskidscorner.de\/wp-content\/uploads\/2019\/02\/fotogalerie_20190102_spendenuebergabe_sdlh_RKC_Spende_0058.jpg 568w\" sizes=\"auto, (max-width: 222px) 100vw, 222px\" \/><\/a> <a href=\"https:\/\/www.rosyskidscorner.de\/wp-content\/uploads\/2019\/02\/fotogalerie_20190102_spendenuebergabe_sdlh_RKC_Spende_0064.jpg\"><img loading=\"lazy\" decoding=\"async\" class=\"alignnone size-medium wp-image-6137\" src=\"https:\/\/www.rosyskidscorner.de\/wp-content\/uploads\/2019\/02\/fotogalerie_20190102_spendenuebergabe_sdlh_RKC_Spende_0064-210x300.jpg\" alt=\"\" width=\"210\" height=\"300\" srcset=\"https:\/\/www.rosyskidscorner.de\/wp-content\/uploads\/2019\/02\/fotogalerie_20190102_spendenuebergabe_sdlh_RKC_Spende_0064-210x300.jpg 210w, https:\/\/www.rosyskidscorner.de\/wp-content\/uploads\/2019\/02\/fotogalerie_20190102_spendenuebergabe_sdlh_RKC_Spende_0064.jpg 537w\" sizes=\"auto, (max-width: 210px) 100vw, 210px\" \/><\/a> <a href=\"https:\/\/www.rosyskidscorner.de\/wp-content\/uploads\/2019\/02\/fotogalerie_20190102_spendenuebergabe_sdlh_RKC_Spende_0068.jpg\"><img loading=\"lazy\" decoding=\"async\" class=\"alignnone size-medium wp-image-6138\" src=\"https:\/\/www.rosyskidscorner.de\/wp-content\/uploads\/2019\/02\/fotogalerie_20190102_spendenuebergabe_sdlh_RKC_Spende_0068-176x300.jpg\" alt=\"\" width=\"176\" height=\"300\" srcset=\"https:\/\/www.rosyskidscorner.de\/wp-content\/uploads\/2019\/02\/fotogalerie_20190102_spendenuebergabe_sdlh_RKC_Spende_0068-176x300.jpg 176w, https:\/\/www.rosyskidscorner.de\/wp-content\/uploads\/2019\/02\/fotogalerie_20190102_spendenuebergabe_sdlh_RKC_Spende_0068.jpg 450w\" sizes=\"auto, (max-width: 176px) 100vw, 176px\" \/><\/a> <a href=\"https:\/\/www.rosyskidscorner.de\/wp-content\/uploads\/2019\/02\/fotogalerie_20190102_spendenuebergabe_sdlh_RKC_Spende_0073.jpg\"><img loading=\"lazy\" decoding=\"async\" class=\"alignnone size-medium wp-image-6139\" src=\"https:\/\/www.rosyskidscorner.de\/wp-content\/uploads\/2019\/02\/fotogalerie_20190102_spendenuebergabe_sdlh_RKC_Spende_0073-235x300.jpg\" alt=\"\" width=\"235\" height=\"300\" srcset=\"https:\/\/www.rosyskidscorner.de\/wp-content\/uploads\/2019\/02\/fotogalerie_20190102_spendenuebergabe_sdlh_RKC_Spende_0073-235x300.jpg 235w, https:\/\/www.rosyskidscorner.de\/wp-content\/uploads\/2019\/02\/fotogalerie_20190102_spendenuebergabe_sdlh_RKC_Spende_0073.jpg 601w\" sizes=\"auto, (max-width: 235px) 100vw, 235px\" \/><\/a> <a href=\"https:\/\/www.rosyskidscorner.de\/wp-content\/uploads\/2019\/02\/fotogalerie_20190102_spendenuebergabe_sdlh_RKC_Spende_0075.jpg\"><img loading=\"lazy\" decoding=\"async\" class=\"alignnone size-medium wp-image-6140\" src=\"https:\/\/www.rosyskidscorner.de\/wp-content\/uploads\/2019\/02\/fotogalerie_20190102_spendenuebergabe_sdlh_RKC_Spende_0075-300x200.jpg\" alt=\"\" width=\"300\" height=\"200\" srcset=\"https:\/\/www.rosyskidscorner.de\/wp-content\/uploads\/2019\/02\/fotogalerie_20190102_spendenuebergabe_sdlh_RKC_Spende_0075-300x200.jpg 300w, https:\/\/www.rosyskidscorner.de\/wp-content\/uploads\/2019\/02\/fotogalerie_20190102_spendenuebergabe_sdlh_RKC_Spende_0075-768x512.jpg 768w, https:\/\/www.rosyskidscorner.de\/wp-content\/uploads\/2019\/02\/fotogalerie_20190102_spendenuebergabe_sdlh_RKC_Spende_0075.jpg 1024w\" sizes=\"auto, (max-width: 300px) 100vw, 300px\" \/><\/a> <a href=\"https:\/\/www.rosyskidscorner.de\/wp-content\/uploads\/2019\/02\/fotogalerie_20190102_spendenuebergabe_sdlh_RKC_Spende_0078.jpg\"><img loading=\"lazy\" decoding=\"async\" class=\"alignnone size-medium wp-image-6141\" src=\"https:\/\/www.rosyskidscorner.de\/wp-content\/uploads\/2019\/02\/fotogalerie_20190102_spendenuebergabe_sdlh_RKC_Spende_0078-300x200.jpg\" alt=\"\" width=\"300\" height=\"200\" srcset=\"https:\/\/www.rosyskidscorner.de\/wp-content\/uploads\/2019\/02\/fotogalerie_20190102_spendenuebergabe_sdlh_RKC_Spende_0078-300x200.jpg 300w, https:\/\/www.rosyskidscorner.de\/wp-content\/uploads\/2019\/02\/fotogalerie_20190102_spendenuebergabe_sdlh_RKC_Spende_0078-768x512.jpg 768w, https:\/\/www.rosyskidscorner.de\/wp-content\/uploads\/2019\/02\/fotogalerie_20190102_spendenuebergabe_sdlh_RKC_Spende_0078.jpg 1024w\" sizes=\"auto, (max-width: 300px) 100vw, 300px\" \/><\/a> <a href=\"https:\/\/www.rosyskidscorner.de\/wp-content\/uploads\/2019\/02\/fotogalerie_20190102_spendenuebergabe_sdlh_RKC_Spende_0080.jpg\"><img loading=\"lazy\" decoding=\"async\" class=\"alignnone size-medium wp-image-6142\" src=\"https:\/\/www.rosyskidscorner.de\/wp-content\/uploads\/2019\/02\/fotogalerie_20190102_spendenuebergabe_sdlh_RKC_Spende_0080-300x200.jpg\" alt=\"\" width=\"300\" height=\"200\" srcset=\"https:\/\/www.rosyskidscorner.de\/wp-content\/uploads\/2019\/02\/fotogalerie_20190102_spendenuebergabe_sdlh_RKC_Spende_0080-300x200.jpg 300w, https:\/\/www.rosyskidscorner.de\/wp-content\/uploads\/2019\/02\/fotogalerie_20190102_spendenuebergabe_sdlh_RKC_Spende_0080-768x512.jpg 768w, https:\/\/www.rosyskidscorner.de\/wp-content\/uploads\/2019\/02\/fotogalerie_20190102_spendenuebergabe_sdlh_RKC_Spende_0080.jpg 1024w\" sizes=\"auto, (max-width: 300px) 100vw, 300px\" \/><\/a> <a href=\"https:\/\/www.rosyskidscorner.de\/wp-content\/uploads\/2019\/02\/fotogalerie_20190102_spendenuebergabe_sdlh_RKC_Spende_0084.jpg\"><img loading=\"lazy\" decoding=\"async\" class=\"alignnone size-medium wp-image-6143\" src=\"https:\/\/www.rosyskidscorner.de\/wp-content\/uploads\/2019\/02\/fotogalerie_20190102_spendenuebergabe_sdlh_RKC_Spende_0084-300x200.jpg\" alt=\"\" width=\"300\" height=\"200\" srcset=\"https:\/\/www.rosyskidscorner.de\/wp-content\/uploads\/2019\/02\/fotogalerie_20190102_spendenuebergabe_sdlh_RKC_Spende_0084-300x200.jpg 300w, https:\/\/www.rosyskidscorner.de\/wp-content\/uploads\/2019\/02\/fotogalerie_20190102_spendenuebergabe_sdlh_RKC_Spende_0084-768x512.jpg 768w, https:\/\/www.rosyskidscorner.de\/wp-content\/uploads\/2019\/02\/fotogalerie_20190102_spendenuebergabe_sdlh_RKC_Spende_0084.jpg 1024w\" sizes=\"auto, (max-width: 300px) 100vw, 300px\" \/><\/a><\/p>\n","protected":false},"excerpt":{"rendered":"<p>Noch mal ein ganz, ganz herzliches Dankesch\u00f6n an die ADLER Mannheim, den Verein &#8220;Adler helfen Menschen e.V.&#8221; sowie allen Spender\/n\/innen f\u00fcr diese gro\u00dfartige Unterst\u00fctzung! Weitere Infos finden Sie in unserem Pressebereich!<\/p>\n","protected":false},"author":1,"featured_media":0,"parent":0,"menu_order":0,"comment_status":"closed","ping_status":"closed","template":"","meta":{"footnotes":""},"class_list":["post-6116","page","type-page","status-publish","hentry"],"_links":{"self":[{"href":"https:\/\/www.rosyskidscorner.de\/index.php?rest_route=\/wp\/v2\/pages\/6116","targetHints":{"allow":["GET"]}}],"collection":[{"href":"https:\/\/www.rosyskidscorner.de\/index.php?rest_route=\/wp\/v2\/pages"}],"about":[{"href":"https:\/\/www.rosyskidscorner.de\/index.php?rest_route=\/wp\/v2\/types\/page"}],"author":[{"embeddable":true,"href":"https:\/\/www.rosyskidscorner.de\/index.php?rest_route=\/wp\/v2\/users\/1"}],"replies":[{"embeddable":true,"href":"https:\/\/www.rosyskidscorner.de\/index.php?rest_route=%2Fwp%2Fv2%2Fcomments&post=6116"}],"version-history":[{"count":5,"href":"https:\/\/www.rosyskidscorner.de\/index.php?rest_route=\/wp\/v2\/pages\/6116\/revisions"}],"predecessor-version":[{"id":6189,"href":"https:\/\/www.rosyskidscorner.de\/index.php?rest_route=\/wp\/v2\/pages\/6116\/revisions\/6189"}],"wp:attachment":[{"href":"https:\/\/www.rosyskidscorner.de\/index.php?rest_route=%2Fwp%2Fv2%2Fmedia&parent=6116"}],"curies":[{"name":"wp","href":"https:\/\/api.w.org\/{rel}","templated":true}]}}