{"id":6195,"date":"2019-04-01T11:36:57","date_gmt":"2019-04-01T09:36:57","guid":{"rendered":"https:\/\/www.rosyskidscorner.de\/?page_id=6195"},"modified":"2019-04-01T11:37:40","modified_gmt":"2019-04-01T09:37:40","slug":"aktuell-17-03-19-spendenubergabe-durch-die-volksbank-kraichgau","status":"publish","type":"page","link":"https:\/\/www.rosyskidscorner.de\/?page_id=6195","title":{"rendered":"AKTUELL: 17.03.19 \u2013 Spenden\u00fcbergabe durch die Volksbank Kraichgau"},"content":{"rendered":"<h5>Wir bedanken uns ganz herzlich bei der Volksbank Kraichgau f\u00fcr diese tolle Spende! F\u00fcr jede Aktion der Kreditkarten wurde 1 Cent gesammelt und es kamen stolze <span style=\"color: #0000ff;\">EUR 750,-<\/span> zusammen!<\/h5>\n<p><a href=\"https:\/\/www.rosyskidscorner.de\/wp-content\/uploads\/2019\/04\/aktuell_20190317_spende-voba-kraichgau.jpg\"><img loading=\"lazy\" decoding=\"async\" class=\"alignnone wp-image-6196 size-large\" src=\"https:\/\/www.rosyskidscorner.de\/wp-content\/uploads\/2019\/04\/aktuell_20190317_spende-voba-kraichgau-1024x683.jpg\" alt=\"\" width=\"604\" height=\"403\" srcset=\"https:\/\/www.rosyskidscorner.de\/wp-content\/uploads\/2019\/04\/aktuell_20190317_spende-voba-kraichgau-1024x683.jpg 1024w, https:\/\/www.rosyskidscorner.de\/wp-content\/uploads\/2019\/04\/aktuell_20190317_spende-voba-kraichgau-300x200.jpg 300w, https:\/\/www.rosyskidscorner.de\/wp-content\/uploads\/2019\/04\/aktuell_20190317_spende-voba-kraichgau-768x512.jpg 768w, https:\/\/www.rosyskidscorner.de\/wp-content\/uploads\/2019\/04\/aktuell_20190317_spende-voba-kraichgau.jpg 1600w\" sizes=\"auto, (max-width: 604px) 100vw, 604px\" \/><\/a><\/p>\n<h5>Vielen herzlichen Dank f\u00fcr diese gro\u00dfartige Unterst\u00fctzung!<\/h5>\n","protected":false},"excerpt":{"rendered":"<p>Wir bedanken uns ganz herzlich bei der Volksbank Kraichgau f\u00fcr diese tolle Spende! F\u00fcr jede Aktion der Kreditkarten wurde 1 Cent gesammelt und es kamen stolze EUR 750,- zusammen! Vielen herzlichen Dank f\u00fcr diese gro\u00dfartige Unterst\u00fctzung!<\/p>\n","protected":false},"author":1,"featured_media":0,"parent":0,"menu_order":0,"comment_status":"closed","ping_status":"closed","template":"","meta":{"footnotes":""},"class_list":["post-6195","page","type-page","status-publish","hentry"],"_links":{"self":[{"href":"https:\/\/www.rosyskidscorner.de\/index.php?rest_route=\/wp\/v2\/pages\/6195","targetHints":{"allow":["GET"]}}],"collection":[{"href":"https:\/\/www.rosyskidscorner.de\/index.php?rest_route=\/wp\/v2\/pages"}],"about":[{"href":"https:\/\/www.rosyskidscorner.de\/index.php?rest_route=\/wp\/v2\/types\/page"}],"author":[{"embeddable":true,"href":"https:\/\/www.rosyskidscorner.de\/index.php?rest_route=\/wp\/v2\/users\/1"}],"replies":[{"embeddable":true,"href":"https:\/\/www.rosyskidscorner.de\/index.php?rest_route=%2Fwp%2Fv2%2Fcomments&post=6195"}],"version-history":[{"count":3,"href":"https:\/\/www.rosyskidscorner.de\/index.php?rest_route=\/wp\/v2\/pages\/6195\/revisions"}],"predecessor-version":[{"id":6199,"href":"https:\/\/www.rosyskidscorner.de\/index.php?rest_route=\/wp\/v2\/pages\/6195\/revisions\/6199"}],"wp:attachment":[{"href":"https:\/\/www.rosyskidscorner.de\/index.php?rest_route=%2Fwp%2Fv2%2Fmedia&parent=6195"}],"curies":[{"name":"wp","href":"https:\/\/api.w.org\/{rel}","templated":true}]}}