{"id":6931,"date":"2020-01-10T11:42:36","date_gmt":"2020-01-10T10:42:36","guid":{"rendered":"https:\/\/www.rosyskidscorner.de\/?page_id=6931"},"modified":"2020-01-10T11:43:48","modified_gmt":"2020-01-10T10:43:48","slug":"aktuell-09-01-2020-spendenubergabe-durch-adler-helfen-menschen-e-v-uber-eur-28-000","status":"publish","type":"page","link":"https:\/\/www.rosyskidscorner.de\/?page_id=6931","title":{"rendered":"AKTUELL: 09.01.2020 &#8211; Spenden\u00fcbergabe durch &#8220;Adler helfen Menschen e.V.&#8221; \u00fcber EUR 28.000!"},"content":{"rendered":"<h5>Am Donnerstag, 09.01.2020, wurde in der SAP Arena Mannheim vor dem Spiel der Adler Mannheim gegen die Fischtown Pinguins aus Bremerhaven ein Spendenscheck i.H.v. <span style=\"color: #0000ff;\">EUR 28.000,&#8211;<\/span> an Rosys Kids Corner \u00fcberreicht.<\/h5>\n<h5>Der Gesch\u00e4ftsf\u00fchrer der Adler Mannheim, Herr Matthias Binder, \u00fcberreichte den Scheck von &#8220;Adler helfen Menschen e.V.&#8221; an Frau Karen Kutschbach, 2. Vorsitzende der <a href=\"https:\/\/www.krebskranke-kinder.de\" target=\"_blank\" rel=\"noopener noreferrer\">Deutsche Leuk\u00e4mie-Forschungs-Hilfe -Aktion f\u00fcr krebskranke Kinder- Ortsverband Mannheim e.V.<\/a>, sowie Leiterin von Rosys Kids Corner.<\/h5>\n<p><a href=\"https:\/\/www.rosyskidscorner.de\/wp-content\/uploads\/2020\/01\/aktuell_20200109_spendenuebergabe_01.jpg\"><img loading=\"lazy\" decoding=\"async\" class=\"alignnone wp-image-6932\" src=\"https:\/\/www.rosyskidscorner.de\/wp-content\/uploads\/2020\/01\/aktuell_20200109_spendenuebergabe_01-225x300.jpg\" alt=\"\" width=\"168\" height=\"224\" srcset=\"https:\/\/www.rosyskidscorner.de\/wp-content\/uploads\/2020\/01\/aktuell_20200109_spendenuebergabe_01-225x300.jpg 225w, https:\/\/www.rosyskidscorner.de\/wp-content\/uploads\/2020\/01\/aktuell_20200109_spendenuebergabe_01-768x1024.jpg 768w, https:\/\/www.rosyskidscorner.de\/wp-content\/uploads\/2020\/01\/aktuell_20200109_spendenuebergabe_01-1152x1536.jpg 1152w, https:\/\/www.rosyskidscorner.de\/wp-content\/uploads\/2020\/01\/aktuell_20200109_spendenuebergabe_01.jpg 1200w\" sizes=\"auto, (max-width: 168px) 100vw, 168px\" \/><\/a> <a href=\"https:\/\/www.rosyskidscorner.de\/wp-content\/uploads\/2020\/01\/aktuell_20200109_spendenuebergabe_02.jpg\"><img loading=\"lazy\" decoding=\"async\" class=\"alignnone wp-image-6933\" src=\"https:\/\/www.rosyskidscorner.de\/wp-content\/uploads\/2020\/01\/aktuell_20200109_spendenuebergabe_02-300x225.jpg\" alt=\"\" width=\"299\" height=\"224\" srcset=\"https:\/\/www.rosyskidscorner.de\/wp-content\/uploads\/2020\/01\/aktuell_20200109_spendenuebergabe_02-300x225.jpg 300w, https:\/\/www.rosyskidscorner.de\/wp-content\/uploads\/2020\/01\/aktuell_20200109_spendenuebergabe_02-768x576.jpg 768w, https:\/\/www.rosyskidscorner.de\/wp-content\/uploads\/2020\/01\/aktuell_20200109_spendenuebergabe_02.jpg 1024w\" sizes=\"auto, (max-width: 299px) 100vw, 299px\" \/><\/a> <a href=\"https:\/\/www.rosyskidscorner.de\/wp-content\/uploads\/2020\/01\/aktuell_20200109_spendenuebergabe_03.jpg\"><img loading=\"lazy\" decoding=\"async\" class=\"alignnone wp-image-6934\" src=\"https:\/\/www.rosyskidscorner.de\/wp-content\/uploads\/2020\/01\/aktuell_20200109_spendenuebergabe_03-300x225.jpg\" alt=\"\" width=\"299\" height=\"224\" srcset=\"https:\/\/www.rosyskidscorner.de\/wp-content\/uploads\/2020\/01\/aktuell_20200109_spendenuebergabe_03-300x225.jpg 300w, https:\/\/www.rosyskidscorner.de\/wp-content\/uploads\/2020\/01\/aktuell_20200109_spendenuebergabe_03-768x576.jpg 768w, https:\/\/www.rosyskidscorner.de\/wp-content\/uploads\/2020\/01\/aktuell_20200109_spendenuebergabe_03.jpg 1024w\" sizes=\"auto, (max-width: 299px) 100vw, 299px\" \/><\/a><\/p>\n<h5>Beim &#8220;Spiel der leuchtenden Herzen&#8221; am 22.12.2019 in der SAP Arena Mannheim kam die \u00fcberragende Spendensumme zusammen. Karen Kutschbach bedankte sich bei allen f\u00fcr ihre gro\u00dfz\u00fcgige Spendenbereitschaft und Unterst\u00fctzung.<\/h5>\n<h5>Weitere Informationen finden Sie in der Pressemitteilung der Adler Mannheim:<br \/>\n<a href=\"https:\/\/www.adler-mannheim.de\/aktuelles\/adler-helfen-menschen-e-v-uebergibt-28-000-euro-an-rosys-kids-corner\/\" target=\"_blank\" rel=\"noopener noreferrer\">https:\/\/www.adler-mannheim.de\/aktuelles\/adler-helfen-menschen-e-v-uebergibt-28-000-euro-an-rosys-kids-corner\/<\/a><\/h5>\n<p><a href=\"https:\/\/www.rosyskidscorner.de\/wp-content\/uploads\/2018\/11\/dankeschoen.jpg\"><img loading=\"lazy\" decoding=\"async\" class=\"alignnone size-medium wp-image-5544\" src=\"https:\/\/www.rosyskidscorner.de\/wp-content\/uploads\/2018\/11\/dankeschoen-300x300.jpg\" alt=\"\" width=\"300\" height=\"300\" srcset=\"https:\/\/www.rosyskidscorner.de\/wp-content\/uploads\/2018\/11\/dankeschoen-300x300.jpg 300w, https:\/\/www.rosyskidscorner.de\/wp-content\/uploads\/2018\/11\/dankeschoen-150x150.jpg 150w, https:\/\/www.rosyskidscorner.de\/wp-content\/uploads\/2018\/11\/dankeschoen-768x765.jpg 768w, https:\/\/www.rosyskidscorner.de\/wp-content\/uploads\/2018\/11\/dankeschoen.jpg 778w\" sizes=\"auto, (max-width: 300px) 100vw, 300px\" \/><\/a><\/p>\n","protected":false},"excerpt":{"rendered":"<p>Am Donnerstag, 09.01.2020, wurde in der SAP Arena Mannheim vor dem Spiel der Adler Mannheim gegen die Fischtown Pinguins aus Bremerhaven ein Spendenscheck i.H.v. EUR 28.000,&#8211; an Rosys Kids Corner \u00fcberreicht. Der Gesch\u00e4ftsf\u00fchrer der Adler Mannheim, Herr Matthias Binder, \u00fcberreichte den Scheck von &#8220;Adler helfen Menschen e.V.&#8221; an Frau Karen Kutschbach, 2. Vorsitzende der Deutsche &hellip; <a href=\"https:\/\/www.rosyskidscorner.de\/?page_id=6931\" class=\"more-link\">Continue reading <span class=\"screen-reader-text\">AKTUELL: 09.01.2020 &#8211; Spenden\u00fcbergabe durch &#8220;Adler helfen Menschen e.V.&#8221; \u00fcber EUR 28.000!<\/span> <span class=\"meta-nav\">&rarr;<\/span><\/a><\/p>\n","protected":false},"author":1,"featured_media":0,"parent":0,"menu_order":0,"comment_status":"closed","ping_status":"closed","template":"","meta":{"footnotes":""},"class_list":["post-6931","page","type-page","status-publish","hentry"],"_links":{"self":[{"href":"https:\/\/www.rosyskidscorner.de\/index.php?rest_route=\/wp\/v2\/pages\/6931","targetHints":{"allow":["GET"]}}],"collection":[{"href":"https:\/\/www.rosyskidscorner.de\/index.php?rest_route=\/wp\/v2\/pages"}],"about":[{"href":"https:\/\/www.rosyskidscorner.de\/index.php?rest_route=\/wp\/v2\/types\/page"}],"author":[{"embeddable":true,"href":"https:\/\/www.rosyskidscorner.de\/index.php?rest_route=\/wp\/v2\/users\/1"}],"replies":[{"embeddable":true,"href":"https:\/\/www.rosyskidscorner.de\/index.php?rest_route=%2Fwp%2Fv2%2Fcomments&post=6931"}],"version-history":[{"count":3,"href":"https:\/\/www.rosyskidscorner.de\/index.php?rest_route=\/wp\/v2\/pages\/6931\/revisions"}],"predecessor-version":[{"id":6938,"href":"https:\/\/www.rosyskidscorner.de\/index.php?rest_route=\/wp\/v2\/pages\/6931\/revisions\/6938"}],"wp:attachment":[{"href":"https:\/\/www.rosyskidscorner.de\/index.php?rest_route=%2Fwp%2Fv2%2Fmedia&parent=6931"}],"curies":[{"name":"wp","href":"https:\/\/api.w.org\/{rel}","templated":true}]}}