{"id":6970,"date":"2020-04-14T12:39:44","date_gmt":"2020-04-14T10:39:44","guid":{"rendered":"https:\/\/www.rosyskidscorner.de\/?page_id=6970"},"modified":"2020-04-14T12:40:58","modified_gmt":"2020-04-14T10:40:58","slug":"aktuell-14-04-20-update-zur-play-off-spende","status":"publish","type":"page","link":"https:\/\/www.rosyskidscorner.de\/?page_id=6970","title":{"rendered":"AKTUELL: 14.04.20 &#8211; Update zur Play-off-Spende"},"content":{"rendered":"<h5>Durch den Spendenaufruf vom 11.03.2020 kamen wunderbare <span style=\"color: #0000ff;\">EUR 296,&#8211;<\/span>\u00a0f\u00fcr unsere krebskranken Kinder zusammen! Daf\u00fcr sind wir, besonders in diesen Zeiten, sehr gl\u00fccklich und sagen allen, die gespendet haben:<\/h5>\n<h2><a href=\"https:\/\/www.rosyskidscorner.de\/wp-content\/uploads\/2018\/11\/dankeschoen.jpg\"><img loading=\"lazy\" decoding=\"async\" class=\"alignnone size-medium wp-image-5544\" src=\"https:\/\/www.rosyskidscorner.de\/wp-content\/uploads\/2018\/11\/dankeschoen-300x300.jpg\" alt=\"\" width=\"300\" height=\"300\" srcset=\"https:\/\/www.rosyskidscorner.de\/wp-content\/uploads\/2018\/11\/dankeschoen-300x300.jpg 300w, https:\/\/www.rosyskidscorner.de\/wp-content\/uploads\/2018\/11\/dankeschoen-150x150.jpg 150w, https:\/\/www.rosyskidscorner.de\/wp-content\/uploads\/2018\/11\/dankeschoen-768x765.jpg 768w, https:\/\/www.rosyskidscorner.de\/wp-content\/uploads\/2018\/11\/dankeschoen.jpg 778w\" sizes=\"auto, (max-width: 300px) 100vw, 300px\" \/><\/a><\/h2>\n<h2>Herzlichen Dank!!!<\/h2>\n<h5>Mit den besten Gr\u00fc\u00dfen vom gesamten Team der Deutsche Leuk\u00e4mie-Forschungs-Hilfe -Aktion f\u00fcr krebskranke Kinder- Ortsverband Mannheim e.V.<\/h5>\n<h5>Bleiben Sie gesund und munter!!!<\/h5>\n","protected":false},"excerpt":{"rendered":"<p>Durch den Spendenaufruf vom 11.03.2020 kamen wunderbare EUR 296,&#8211;\u00a0f\u00fcr unsere krebskranken Kinder zusammen! Daf\u00fcr sind wir, besonders in diesen Zeiten, sehr gl\u00fccklich und sagen allen, die gespendet haben: Herzlichen Dank!!! Mit den besten Gr\u00fc\u00dfen vom gesamten Team der Deutsche Leuk\u00e4mie-Forschungs-Hilfe -Aktion f\u00fcr krebskranke Kinder- Ortsverband Mannheim e.V. Bleiben Sie gesund und munter!!!<\/p>\n","protected":false},"author":1,"featured_media":0,"parent":0,"menu_order":0,"comment_status":"closed","ping_status":"closed","template":"","meta":{"footnotes":""},"class_list":["post-6970","page","type-page","status-publish","hentry"],"_links":{"self":[{"href":"https:\/\/www.rosyskidscorner.de\/index.php?rest_route=\/wp\/v2\/pages\/6970","targetHints":{"allow":["GET"]}}],"collection":[{"href":"https:\/\/www.rosyskidscorner.de\/index.php?rest_route=\/wp\/v2\/pages"}],"about":[{"href":"https:\/\/www.rosyskidscorner.de\/index.php?rest_route=\/wp\/v2\/types\/page"}],"author":[{"embeddable":true,"href":"https:\/\/www.rosyskidscorner.de\/index.php?rest_route=\/wp\/v2\/users\/1"}],"replies":[{"embeddable":true,"href":"https:\/\/www.rosyskidscorner.de\/index.php?rest_route=%2Fwp%2Fv2%2Fcomments&post=6970"}],"version-history":[{"count":2,"href":"https:\/\/www.rosyskidscorner.de\/index.php?rest_route=\/wp\/v2\/pages\/6970\/revisions"}],"predecessor-version":[{"id":6974,"href":"https:\/\/www.rosyskidscorner.de\/index.php?rest_route=\/wp\/v2\/pages\/6970\/revisions\/6974"}],"wp:attachment":[{"href":"https:\/\/www.rosyskidscorner.de\/index.php?rest_route=%2Fwp%2Fv2%2Fmedia&parent=6970"}],"curies":[{"name":"wp","href":"https:\/\/api.w.org\/{rel}","templated":true}]}}