{"id":7478,"date":"2021-05-12T18:13:03","date_gmt":"2021-05-12T16:13:03","guid":{"rendered":"https:\/\/www.rosyskidscorner.de\/?page_id=7478"},"modified":"2021-05-12T18:13:03","modified_gmt":"2021-05-12T16:13:03","slug":"aktuell-12-05-21-scheckubergabe-adler-mannheim-fanprojekt","status":"publish","type":"page","link":"https:\/\/www.rosyskidscorner.de\/?page_id=7478","title":{"rendered":"AKTUELL: 12.05.21 \u2013 Scheck\u00fcbergabe Adler Mannheim Fanprojekt"},"content":{"rendered":"<h5>Das Adler Mannheim Fanprojekt (<a href=\"https:\/\/www.adler-fanprojekt.de\/\" target=\"_blank\" rel=\"noopener\">Homepage<\/a> \/ <a href=\"https:\/\/www.facebook.com\/adlerfanprojekt\" target=\"_blank\" rel=\"noopener\">Facebook<\/a>) hat es auch in diesem Jahr geschafft, zur &#8220;3. Quadrate Tour&#8221; die Adler Fans aufzurufen, virtuell mitzumachen. Unter dem Motto: &#8220;Keine Gnade f\u00fcr die Wade&#8221; wurde am 24.04.2021 zum Radeln f\u00fcr den guten Zweck aufgerufen.<\/h5>\n<h5>Die Inter Versicherung, stellvertretend Peter W\u00fcst, und das Adler Mannheim Fanprojekt spenden Rosys Kids Corner einen Betrag von <span style=\"color: #0000ff;\">EUR 3333,33.<\/span><\/h5>\n<p><a href=\"https:\/\/www.rosyskidscorner.de\/wp-content\/uploads\/2021\/05\/aktuell_20210512_spendenuebergabe-fanprojekt.jpg\"><img loading=\"lazy\" decoding=\"async\" class=\"alignnone size-full wp-image-7479\" src=\"https:\/\/www.rosyskidscorner.de\/wp-content\/uploads\/2021\/05\/aktuell_20210512_spendenuebergabe-fanprojekt.jpg\" alt=\"\" width=\"1600\" height=\"1200\" srcset=\"https:\/\/www.rosyskidscorner.de\/wp-content\/uploads\/2021\/05\/aktuell_20210512_spendenuebergabe-fanprojekt.jpg 1600w, https:\/\/www.rosyskidscorner.de\/wp-content\/uploads\/2021\/05\/aktuell_20210512_spendenuebergabe-fanprojekt-300x225.jpg 300w, https:\/\/www.rosyskidscorner.de\/wp-content\/uploads\/2021\/05\/aktuell_20210512_spendenuebergabe-fanprojekt-1024x768.jpg 1024w, https:\/\/www.rosyskidscorner.de\/wp-content\/uploads\/2021\/05\/aktuell_20210512_spendenuebergabe-fanprojekt-768x576.jpg 768w, https:\/\/www.rosyskidscorner.de\/wp-content\/uploads\/2021\/05\/aktuell_20210512_spendenuebergabe-fanprojekt-1536x1152.jpg 1536w\" sizes=\"auto, (max-width: 1600px) 100vw, 1600px\" \/><\/a><\/p>\n<h5>Wir bedanken uns von ganzem Herzen f\u00fcr diese tolle Spende!<\/h5>\n<h5>\n<a href=\"https:\/\/www.rosyskidscorner.de\/wp-content\/uploads\/2018\/11\/dankeschoen.jpg\"><img loading=\"lazy\" decoding=\"async\" class=\"alignnone wp-image-5544 size-medium\" src=\"https:\/\/www.rosyskidscorner.de\/wp-content\/uploads\/2018\/11\/dankeschoen-300x300.jpg\" alt=\"\" width=\"300\" height=\"300\" srcset=\"https:\/\/www.rosyskidscorner.de\/wp-content\/uploads\/2018\/11\/dankeschoen-300x300.jpg 300w, https:\/\/www.rosyskidscorner.de\/wp-content\/uploads\/2018\/11\/dankeschoen-150x150.jpg 150w, https:\/\/www.rosyskidscorner.de\/wp-content\/uploads\/2018\/11\/dankeschoen-768x765.jpg 768w, https:\/\/www.rosyskidscorner.de\/wp-content\/uploads\/2018\/11\/dankeschoen.jpg 778w\" sizes=\"auto, (max-width: 300px) 100vw, 300px\" \/><\/a><\/h5>\n","protected":false},"excerpt":{"rendered":"<p>Das Adler Mannheim Fanprojekt (Homepage \/ Facebook) hat es auch in diesem Jahr geschafft, zur &#8220;3. Quadrate Tour&#8221; die Adler Fans aufzurufen, virtuell mitzumachen. Unter dem Motto: &#8220;Keine Gnade f\u00fcr die Wade&#8221; wurde am 24.04.2021 zum Radeln f\u00fcr den guten Zweck aufgerufen. Die Inter Versicherung, stellvertretend Peter W\u00fcst, und das Adler Mannheim Fanprojekt spenden Rosys &hellip; <a href=\"https:\/\/www.rosyskidscorner.de\/?page_id=7478\" class=\"more-link\">Continue reading <span class=\"screen-reader-text\">AKTUELL: 12.05.21 \u2013 Scheck\u00fcbergabe Adler Mannheim Fanprojekt<\/span> <span class=\"meta-nav\">&rarr;<\/span><\/a><\/p>\n","protected":false},"author":1,"featured_media":0,"parent":0,"menu_order":0,"comment_status":"closed","ping_status":"closed","template":"","meta":{"footnotes":""},"class_list":["post-7478","page","type-page","status-publish","hentry"],"_links":{"self":[{"href":"https:\/\/www.rosyskidscorner.de\/index.php?rest_route=\/wp\/v2\/pages\/7478","targetHints":{"allow":["GET"]}}],"collection":[{"href":"https:\/\/www.rosyskidscorner.de\/index.php?rest_route=\/wp\/v2\/pages"}],"about":[{"href":"https:\/\/www.rosyskidscorner.de\/index.php?rest_route=\/wp\/v2\/types\/page"}],"author":[{"embeddable":true,"href":"https:\/\/www.rosyskidscorner.de\/index.php?rest_route=\/wp\/v2\/users\/1"}],"replies":[{"embeddable":true,"href":"https:\/\/www.rosyskidscorner.de\/index.php?rest_route=%2Fwp%2Fv2%2Fcomments&post=7478"}],"version-history":[{"count":3,"href":"https:\/\/www.rosyskidscorner.de\/index.php?rest_route=\/wp\/v2\/pages\/7478\/revisions"}],"predecessor-version":[{"id":7482,"href":"https:\/\/www.rosyskidscorner.de\/index.php?rest_route=\/wp\/v2\/pages\/7478\/revisions\/7482"}],"wp:attachment":[{"href":"https:\/\/www.rosyskidscorner.de\/index.php?rest_route=%2Fwp%2Fv2%2Fmedia&parent=7478"}],"curies":[{"name":"wp","href":"https:\/\/api.w.org\/{rel}","templated":true}]}}