{"id":8543,"date":"2023-01-30T13:23:35","date_gmt":"2023-01-30T12:23:35","guid":{"rendered":"https:\/\/www.rosyskidscorner.de\/?page_id=8543"},"modified":"2023-01-30T13:23:35","modified_gmt":"2023-01-30T12:23:35","slug":"aktuell-30-01-2023-2-500-euro-spende-fur-rosys-kids-corner-von-der-inter-versicherungsgruppe","status":"publish","type":"page","link":"https:\/\/www.rosyskidscorner.de\/?page_id=8543","title":{"rendered":"AKTUELL: 30.01.2023 \u2013 2.500 Euro-Spende f\u00fcr &#8220;Rosys Kids Corner&#8221; von der INTER Versicherungsgruppe"},"content":{"rendered":"<div class=\"wp-block-media-text__content\">\n<p>Das Transformationsteam der INTER Versicherungsgruppe hatte sich f\u00fcr die Vorweihnachtszeit eine sch\u00f6ne Aktion einfallen lassen. Einfach mal \u201eDanke sagen\u201c und dabei noch \u201eGutes tun\u201c.<\/p>\n<p>Den Kolleginnen und Kollegen \u2013 auch bereichs\u00fcbergreifend \u2013 Wertsch\u00e4tzung entgegenzubringen, ist sehr wichtig, kommt jedoch h\u00e4ufig im stressigen Arbeitsalltag zu kurz. Daher sollte der Fokus der Aktion darauf liegen, sich wieder aktiv Zeit zu nehmen, um \u201eDanke\u201c zu sagen.<\/p>\n<p>Insgesamt 420 Danksagungen sind per E-Mail beim Transformationsteam eingegangen, 420-mal wurde mit dieser Aktion ein L\u00e4cheln ins Gesicht gezaubert. Vorab war klar: Es soll nicht nur innerhalb der INTER, sondern auch f\u00fcr eine wohlt\u00e4tige Organisation etwas Gutes getan werden.<\/p>\n<p>Und mit 5 Euro je Danksagung konnten nunmehr (aufgerundet) <strong>2.500 Euro<\/strong> an unser Projekt \u201e<a href=\"https:\/\/www.krebskranke-kinder.de\/rosys-kids-corner\/\" target=\"_blank\" rel=\"noreferrer noopener\" data-type=\"page\" data-id=\"288\">Rosys Kids Corner<\/a>\u201c gespendet werden.<\/p>\n<p><a href=\"https:\/\/www.rosyskidscorner.de\/wp-content\/uploads\/2023\/01\/aktuell_20230130_spendenuebergabe-inter-versicherung-rkc.jpg\"><img loading=\"lazy\" decoding=\"async\" class=\"alignnone wp-image-8544 size-large\" src=\"https:\/\/www.rosyskidscorner.de\/wp-content\/uploads\/2023\/01\/aktuell_20230130_spendenuebergabe-inter-versicherung-rkc-1024x768.jpg\" alt=\"\" width=\"604\" height=\"453\" srcset=\"https:\/\/www.rosyskidscorner.de\/wp-content\/uploads\/2023\/01\/aktuell_20230130_spendenuebergabe-inter-versicherung-rkc-1024x768.jpg 1024w, https:\/\/www.rosyskidscorner.de\/wp-content\/uploads\/2023\/01\/aktuell_20230130_spendenuebergabe-inter-versicherung-rkc-300x225.jpg 300w, https:\/\/www.rosyskidscorner.de\/wp-content\/uploads\/2023\/01\/aktuell_20230130_spendenuebergabe-inter-versicherung-rkc-768x576.jpg 768w, https:\/\/www.rosyskidscorner.de\/wp-content\/uploads\/2023\/01\/aktuell_20230130_spendenuebergabe-inter-versicherung-rkc-1536x1152.jpg 1536w, https:\/\/www.rosyskidscorner.de\/wp-content\/uploads\/2023\/01\/aktuell_20230130_spendenuebergabe-inter-versicherung-rkc.jpg 1600w\" sizes=\"auto, (max-width: 604px) 100vw, 604px\" \/><\/a><\/p>\n<p>Projektleiterin und Vorstandsvorsitzende, <a href=\"https:\/\/www.krebskranke-kinder.de\/das-sind-wir\/\" target=\"_blank\" rel=\"noreferrer noopener\" data-type=\"page\" data-id=\"66\">Karen Kutschbach<\/a>, freute sich bei der \u00dcbergabe des Spendenschecks sehr:<\/p>\n<p><em>\u201eWir sind unendlich dankbar \u00fcber diese gro\u00dfartige Spende. Rosys Kids Corner lebt von Spenden. Ihr habt euch eine tolle Aktion \u00fcberlegt. Vielen herzlichen Dank daf\u00fcr!\u201c<\/em><\/p>\n<\/div>\n","protected":false},"excerpt":{"rendered":"<p>Das Transformationsteam der INTER Versicherungsgruppe hatte sich f\u00fcr die Vorweihnachtszeit eine sch\u00f6ne Aktion einfallen lassen. Einfach mal \u201eDanke sagen\u201c und dabei noch \u201eGutes tun\u201c. Den Kolleginnen und Kollegen \u2013 auch bereichs\u00fcbergreifend \u2013 Wertsch\u00e4tzung entgegenzubringen, ist sehr wichtig, kommt jedoch h\u00e4ufig im stressigen Arbeitsalltag zu kurz. Daher sollte der Fokus der Aktion darauf liegen, sich wieder &hellip; <a href=\"https:\/\/www.rosyskidscorner.de\/?page_id=8543\" class=\"more-link\">Continue reading <span class=\"screen-reader-text\">AKTUELL: 30.01.2023 \u2013 2.500 Euro-Spende f\u00fcr &#8220;Rosys Kids Corner&#8221; von der INTER Versicherungsgruppe<\/span> <span class=\"meta-nav\">&rarr;<\/span><\/a><\/p>\n","protected":false},"author":1,"featured_media":0,"parent":0,"menu_order":0,"comment_status":"closed","ping_status":"closed","template":"","meta":{"footnotes":""},"class_list":["post-8543","page","type-page","status-publish","hentry"],"_links":{"self":[{"href":"https:\/\/www.rosyskidscorner.de\/index.php?rest_route=\/wp\/v2\/pages\/8543","targetHints":{"allow":["GET"]}}],"collection":[{"href":"https:\/\/www.rosyskidscorner.de\/index.php?rest_route=\/wp\/v2\/pages"}],"about":[{"href":"https:\/\/www.rosyskidscorner.de\/index.php?rest_route=\/wp\/v2\/types\/page"}],"author":[{"embeddable":true,"href":"https:\/\/www.rosyskidscorner.de\/index.php?rest_route=\/wp\/v2\/users\/1"}],"replies":[{"embeddable":true,"href":"https:\/\/www.rosyskidscorner.de\/index.php?rest_route=%2Fwp%2Fv2%2Fcomments&post=8543"}],"version-history":[{"count":1,"href":"https:\/\/www.rosyskidscorner.de\/index.php?rest_route=\/wp\/v2\/pages\/8543\/revisions"}],"predecessor-version":[{"id":8545,"href":"https:\/\/www.rosyskidscorner.de\/index.php?rest_route=\/wp\/v2\/pages\/8543\/revisions\/8545"}],"wp:attachment":[{"href":"https:\/\/www.rosyskidscorner.de\/index.php?rest_route=%2Fwp%2Fv2%2Fmedia&parent=8543"}],"curies":[{"name":"wp","href":"https:\/\/api.w.org\/{rel}","templated":true}]}}